CRAN Package Check Results for Package parallelDist

Last updated on 2024-06-14 00:53:52 CEST.

Flavor Version Tinstall Tcheck Ttotal Status Flags
r-devel-linux-x86_64-debian-clang 0.2.6 68.49 146.30 214.79 NOTE
r-devel-linux-x86_64-debian-gcc 0.2.6 52.43 26.82 79.25 ERROR
r-devel-linux-x86_64-fedora-clang 0.2.6 291.65 NOTE
r-devel-linux-x86_64-fedora-gcc 0.2.6 304.49 NOTE
r-devel-windows-x86_64 0.2.6 60.00 156.00 216.00 NOTE
r-patched-linux-x86_64 0.2.6 58.40 124.13 182.53 NOTE
r-release-linux-x86_64 0.2.6 60.04 120.91 180.95 NOTE
r-release-macos-arm64 0.2.6 66.00 NOTE
r-release-macos-x86_64 0.2.6 94.00 NOTE
r-release-windows-x86_64 0.2.6 60.00 161.00 221.00 NOTE
r-oldrel-macos-arm64 0.2.6 74.00 NOTE
r-oldrel-macos-x86_64 0.2.6 142.00 NOTE
r-oldrel-windows-x86_64 0.2.6 54.00 178.00 232.00 NOTE

Check Details

Version: 0.2.6
Check: C++ specification
Result: NOTE Specified C++11: please drop specification unless essential Flavors: r-devel-linux-x86_64-debian-clang, r-devel-linux-x86_64-debian-gcc, r-devel-linux-x86_64-fedora-clang, r-devel-linux-x86_64-fedora-gcc, r-devel-windows-x86_64, r-patched-linux-x86_64, r-release-linux-x86_64, r-release-macos-arm64, r-release-macos-x86_64, r-release-windows-x86_64, r-oldrel-macos-arm64, r-oldrel-macos-x86_64, r-oldrel-windows-x86_64

Version: 0.2.6
Check: package dependencies
Result: NOTE Packages suggested but not available for checking: 'ggplot2', 'testthat' Flavor: r-devel-linux-x86_64-debian-gcc

Version: 0.2.6
Check: tests
Result: ERROR Running ‘testthat.R’ [0s/1s] Running the tests in ‘tests/testthat.R’ failed. Complete output: > ## testthat.R > ## > ## Copyright (C) 2017 Alexander Eckert > ## > ## This file is part of parallelDist. > ## > ## parallelDist is free software: you can redistribute it and/or modify it > ## under the terms of the GNU General Public License as published by > ## the Free Software Foundation, either version 2 of the License, or > ## (at your option) any later version. > ## > ## parallelDist is distributed in the hope that it will be useful, but > ## WITHOUT ANY WARRANTY; without even the implied warranty of > ## MERCHANTABILITY or FITNESS FOR A PARTICULAR PURPOSE. See the > ## GNU General Public License for more details. > ## > ## You should have received a copy of the GNU General Public License > ## along with parallelDist. If not, see <http://www.gnu.org/licenses/>. > > library(testthat) Error in library(testthat) : there is no package called 'testthat' Execution halted Flavor: r-devel-linux-x86_64-debian-gcc

Version: 0.2.6
Check: re-building of vignette outputs
Result: NOTE Note: skipping ‘parallelDist.Rnw’ due to unavailable dependencies: 'ggplot2' Flavor: r-devel-linux-x86_64-debian-gcc