CRAN Package Check Results for Package papci

Last updated on 2022-08-12 06:49:27 CEST.

Flavor Version Tinstall Tcheck Ttotal Status Flags
r-devel-linux-x86_64-debian-clang 0.1.0 20.04 146.73 166.77 OK
r-devel-linux-x86_64-debian-gcc 0.1.0 14.52 106.90 121.42 OK
r-devel-linux-x86_64-fedora-clang 0.1.0 202.37 NOTE
r-devel-linux-x86_64-fedora-gcc 0.1.0 197.25 NOTE
r-devel-windows-x86_64 0.1.0 20.00 154.00 174.00 OK
r-patched-linux-x86_64 0.1.0 21.02 136.99 158.01 OK
r-release-linux-x86_64 0.1.0 13.59 137.68 151.27 OK
r-release-macos-arm64 0.1.0 45.00 NOTE
r-release-macos-x86_64 0.1.0 86.00 NOTE
r-release-windows-x86_64 0.1.0 26.00 155.00 181.00 OK
r-oldrel-macos-arm64 0.1.0 47.00 NOTE
r-oldrel-macos-x86_64 0.1.0 64.00 NOTE
r-oldrel-windows-ix86+x86_64 0.1.0 42.00 157.00 199.00 OK

Check Details

Version: 0.1.0
Check: dependencies in R code
Result: NOTE
    Namespace in Imports field not imported from: ‘DT’
     All declared Imports should be used.
Flavors: r-devel-linux-x86_64-fedora-clang, r-devel-linux-x86_64-fedora-gcc, r-release-macos-arm64, r-release-macos-x86_64, r-oldrel-macos-arm64, r-oldrel-macos-x86_64