CRAN Package Check Results for Package pangaear

Last updated on 2021-04-09 19:49:35 CEST.

Flavor Version Tinstall Tcheck Ttotal Status Flags
r-devel-linux-x86_64-debian-clang 1.0.0 5.10 52.10 57.20 NOTE
r-devel-linux-x86_64-debian-gcc 1.0.0 4.02 39.75 43.77 NOTE
r-devel-linux-x86_64-fedora-clang 1.0.0 74.66 NOTE
r-devel-linux-x86_64-fedora-gcc 1.0.0 63.09 NOTE
r-devel-windows-ix86+x86_64 1.0.0 10.00 61.00 71.00 NOTE
r-devel-windows-x86_64-gcc10-UCRT 1.0.0 NOTE
r-patched-linux-x86_64 1.0.0 4.84 48.96 53.80 OK
r-patched-solaris-x86 1.0.0 110.50 OK
r-release-linux-x86_64 1.0.0 OK
r-release-macos-x86_64 1.0.0 OK
r-release-windows-ix86+x86_64 1.0.0 9.00 74.00 83.00 OK
r-oldrel-macos-x86_64 1.0.0 OK
r-oldrel-windows-ix86+x86_64 1.0.0 9.00 60.00 69.00 OK

Check Details

Version: 1.0.0
Check: LazyData
Result: NOTE
     'LazyData' is specified without a 'data' directory
Flavors: r-devel-linux-x86_64-debian-clang, r-devel-linux-x86_64-debian-gcc, r-devel-linux-x86_64-fedora-clang, r-devel-linux-x86_64-fedora-gcc, r-devel-windows-ix86+x86_64, r-devel-windows-x86_64-gcc10-UCRT