CRAN Package Check Results for Package panelvar

Last updated on 2020-10-30 01:48:38 CET.

Flavor Version Tinstall Tcheck Ttotal Status Flags
r-devel-linux-x86_64-debian-clang 0.5.2 14.45 104.26 118.71 OK
r-devel-linux-x86_64-debian-gcc 0.5.2 12.53 81.81 94.34 OK
r-devel-linux-x86_64-fedora-clang 0.5.2 150.25 NOTE
r-devel-linux-x86_64-fedora-gcc 0.5.2 137.37 NOTE
r-devel-windows-ix86+x86_64 0.5.2 32.00 100.00 132.00 OK
r-patched-linux-x86_64 0.5.2 12.49 95.45 107.94 OK
r-patched-solaris-x86 0.5.2 188.00 NOTE
r-release-linux-x86_64 0.5.2 13.05 94.98 108.03 OK
r-release-macos-x86_64 0.5.2 NOTE
r-release-windows-ix86+x86_64 0.5.2 23.00 129.00 152.00 OK
r-oldrel-macos-x86_64 0.5.2 NOTE
r-oldrel-windows-ix86+x86_64 0.5.2 27.00 115.00 142.00 OK

Check Details

Version: 0.5.2
Check: dependencies in R code
Result: NOTE
    Namespace in Imports field not imported from: ‘methods’
     All declared Imports should be used.
Flavors: r-devel-linux-x86_64-fedora-clang, r-devel-linux-x86_64-fedora-gcc, r-patched-solaris-x86, r-release-macos-x86_64, r-oldrel-macos-x86_64