Last updated on 2022-06-29 06:53:33 CEST.
Flavor | Version | Tinstall | Tcheck | Ttotal | Status | Flags |
---|---|---|---|---|---|---|
r-devel-linux-x86_64-debian-clang | 0.7.6 | 19.25 | 438.59 | 457.84 | OK | |
r-devel-linux-x86_64-debian-gcc | 0.7.6 | 16.19 | 319.59 | 335.78 | OK | |
r-devel-linux-x86_64-fedora-clang | 0.7.6 | 530.93 | NOTE | |||
r-devel-linux-x86_64-fedora-gcc | 0.7.6 | 536.37 | OK | |||
r-devel-windows-x86_64 | 0.7.6 | 47.00 | 473.00 | 520.00 | OK | |
r-patched-linux-x86_64 | 0.7.6 | 16.88 | 418.95 | 435.83 | OK | |
r-release-linux-x86_64 | 0.7.6 | 19.79 | 410.32 | 430.11 | OK | |
r-release-macos-arm64 | 0.7.6 | 122.00 | OK | |||
r-release-macos-x86_64 | 0.7.6 | 218.00 | OK | |||
r-release-windows-x86_64 | 0.7.6 | 46.00 | 468.00 | 514.00 | OK | |
r-oldrel-macos-arm64 | 0.7.6 | 102.00 | OK | |||
r-oldrel-macos-x86_64 | 0.7.6 | 169.00 | OK | |||
r-oldrel-windows-ix86+x86_64 | 0.7.6 | 40.00 | 509.00 | 549.00 | OK |
Version: 0.7.6
Check: Rd cross-references
Result: NOTE
Undeclared package ‘AER’ in Rd xrefs
Flavor: r-devel-linux-x86_64-fedora-clang