CRAN Package Check Results for Package pamm

Last updated on 2020-05-29 07:54:03 CEST.

Flavor Version Tinstall Tcheck Ttotal Status Flags
r-devel-linux-x86_64-debian-clang 1.121 12.67 85.98 98.65 OK
r-devel-linux-x86_64-debian-gcc 1.121 8.60 64.76 73.36 OK
r-devel-linux-x86_64-fedora-clang 1.121 113.87 OK
r-devel-linux-x86_64-fedora-gcc 1.121 113.10 OK
r-devel-windows-ix86+x86_64 1.121 33.00 133.00 166.00 OK
r-patched-linux-x86_64 1.121 12.04 82.35 94.39 OK
r-patched-solaris-x86 1.121 168.10 OK
r-release-linux-x86_64 1.121 11.19 82.94 94.13 OK
r-release-osx-x86_64 1.121 OK
r-release-windows-ix86+x86_64 1.121 20.00 128.00 148.00 OK
r-oldrel-osx-x86_64 1.121 NOTE
r-oldrel-windows-ix86+x86_64 1.121 20.00 86.00 106.00 OK

Check Details

Version: 1.121
Check: dependencies in R code
Result: NOTE
    No protocol specified
Flavor: r-oldrel-osx-x86_64