CRAN Package Check Results for Package palmid

Last updated on 2022-08-16 06:52:30 CEST.

Flavor Version Tinstall Tcheck Ttotal Status Flags
r-devel-linux-x86_64-debian-clang 0.0.3 9.51 87.73 97.24 OK
r-devel-linux-x86_64-debian-gcc 0.0.3 7.73 63.56 71.29 OK
r-devel-linux-x86_64-fedora-clang 0.0.3 124.92 NOTE
r-devel-linux-x86_64-fedora-gcc 0.0.3 123.37 NOTE
r-devel-windows-x86_64 0.0.3 31.00 107.00 138.00 OK
r-patched-linux-x86_64 0.0.3 9.98 78.97 88.95 OK
r-release-linux-x86_64 0.0.3 6.27 79.48 85.75 OK
r-release-macos-arm64 0.0.3 46.00 NOTE
r-release-macos-x86_64 0.0.3 72.00 NOTE
r-release-windows-x86_64 0.0.3 35.00 120.00 155.00 OK
r-oldrel-macos-arm64 0.0.3 46.00 NOTE
r-oldrel-macos-x86_64 0.0.3 58.00 NOTE
r-oldrel-windows-ix86+x86_64 0.0.3 22.00 115.00 137.00 OK

Check Details

Version: 0.0.3
Check: dependencies in R code
Result: NOTE
    Namespaces in Imports field not imported from:
     ‘DT’ ‘dbplyr’ ‘downloadthis’ ‘ggExtra’ ‘htmlwidgets’ ‘methods’
     ‘rmarkdown’ ‘scales’
     All declared Imports should be used.
Flavors: r-devel-linux-x86_64-fedora-clang, r-devel-linux-x86_64-fedora-gcc, r-release-macos-arm64, r-release-macos-x86_64, r-oldrel-macos-arm64, r-oldrel-macos-x86_64