CRAN Package Check Results for Package paletteer

Last updated on 2020-05-31 13:48:03 CEST.

Flavor Version Tinstall Tcheck Ttotal Status Flags
r-devel-linux-x86_64-debian-clang 1.1.0 7.39 58.86 66.25 OK
r-devel-linux-x86_64-debian-gcc 1.1.0 5.33 42.83 48.16 OK
r-devel-linux-x86_64-fedora-clang 1.1.0 80.88 NOTE
r-devel-linux-x86_64-fedora-gcc 1.1.0 73.79 NOTE
r-devel-windows-ix86+x86_64 1.1.0 21.00 119.00 140.00 OK
r-patched-linux-x86_64 1.1.0 6.81 57.58 64.39 OK
r-patched-solaris-x86 1.1.0 116.00 NOTE
r-release-linux-x86_64 1.1.0 6.67 56.17 62.84 OK
r-release-osx-x86_64 1.1.0 NOTE
r-release-windows-ix86+x86_64 1.1.0 13.00 169.00 182.00 OK
r-oldrel-osx-x86_64 1.1.0 NOTE
r-oldrel-windows-ix86+x86_64 1.1.0 12.00 81.00 93.00 OK

Check Details

Version: 1.1.0
Check: data for non-ASCII characters
Result: NOTE
     Note: found 17 marked UTF-8 strings
Flavors: r-devel-linux-x86_64-fedora-clang, r-devel-linux-x86_64-fedora-gcc, r-patched-solaris-x86, r-release-osx-x86_64, r-oldrel-osx-x86_64