CRAN Package Check Results for Package pagoda2

Last updated on 2024-06-24 21:56:52 CEST.

Flavor Version Tinstall Tcheck Ttotal Status Flags
r-devel-linux-x86_64-debian-clang 1.0.12 200.03 145.90 345.93 OK
r-devel-linux-x86_64-debian-gcc 1.0.12 120.91 104.87 225.78 OK
r-devel-windows-x86_64 1.0.12 145.00 143.00 288.00 OK
r-patched-linux-x86_64 1.0.12 158.34 139.02 297.36 OK
r-release-linux-x86_64 1.0.12 110.72 136.83 247.55 OK
r-release-macos-arm64 1.0.12 95.00 NOTE
r-release-macos-x86_64 1.0.12 105.00 NOTE
r-release-windows-x86_64 1.0.12 152.00 143.00 295.00 OK
r-oldrel-macos-arm64 1.0.12 107.00 NOTE
r-oldrel-macos-x86_64 1.0.12 153.00 NOTE
r-oldrel-windows-x86_64 1.0.12 176.00 178.00 354.00 OK

Check Details

Version: 1.0.12
Check: package dependencies
Result: NOTE Packages suggested but not available for checking: 'org.Dr.eg.db', 'org.Mm.eg.db' Flavor: r-release-macos-arm64

Version: 1.0.12
Check: installed package size
Result: NOTE installed size is 6.8Mb sub-directories of 1Mb or more: libs 5.0Mb Flavors: r-release-macos-arm64, r-release-macos-x86_64, r-oldrel-macos-arm64, r-oldrel-macos-x86_64

Version: 1.0.12
Check: package dependencies
Result: NOTE Package suggested but not available for checking: ‘scde’ Flavor: r-oldrel-macos-arm64

Version: 1.0.12
Check: package dependencies
Result: NOTE Packages suggested but not available for checking: 'org.Dr.eg.db', 'org.Mm.eg.db', 'scde' Flavor: r-oldrel-macos-x86_64