CRAN Package Check Results for Package pageviews

Last updated on 2023-09-29 21:54:01 CEST.

Flavor Version Tinstall Tcheck Ttotal Status Flags
r-devel-linux-x86_64-debian-clang 0.5.0 2.27 35.14 37.41 NOTE
r-devel-linux-x86_64-debian-gcc 0.5.0 1.53 26.68 28.21 NOTE
r-devel-linux-x86_64-fedora-clang 0.5.0 45.98 NOTE
r-devel-linux-x86_64-fedora-gcc 0.5.0 56.30 NOTE
r-devel-windows-x86_64 0.5.0 3.00 57.00 60.00 NOTE
r-patched-linux-x86_64 0.5.0 2.61 33.44 36.05 NOTE
r-release-linux-x86_64 0.5.0 2.22 33.96 36.18 NOTE
r-release-macos-arm64 0.5.0 41.00 NOTE
r-release-macos-x86_64 0.5.0 49.00 NOTE
r-release-windows-x86_64 0.5.0 5.00 62.00 67.00 NOTE
r-oldrel-macos-arm64 0.5.0 34.00 NOTE
r-oldrel-macos-x86_64 0.5.0 42.00 NOTE
r-oldrel-windows-x86_64 0.5.0 5.00 64.00 69.00 NOTE

Check Details

Version: 0.5.0
Check: LazyData
Result: NOTE
     'LazyData' is specified without a 'data' directory
Flavors: r-devel-linux-x86_64-debian-clang, r-devel-linux-x86_64-debian-gcc, r-devel-linux-x86_64-fedora-clang, r-devel-linux-x86_64-fedora-gcc, r-devel-windows-x86_64, r-patched-linux-x86_64, r-release-linux-x86_64, r-release-macos-arm64, r-release-macos-x86_64, r-release-windows-x86_64, r-oldrel-macos-arm64, r-oldrel-macos-x86_64, r-oldrel-windows-x86_64