CRAN Package Check Results for Package pageviews

Last updated on 2022-10-06 12:55:32 CEST.

Flavor Version Tinstall Tcheck Ttotal Status Flags
r-devel-linux-x86_64-debian-clang 0.5.0 2.18 34.94 37.12 NOTE
r-devel-linux-x86_64-debian-gcc 0.5.0 2.00 27.03 29.03 NOTE
r-devel-linux-x86_64-fedora-clang 0.5.0 57.14 NOTE
r-devel-linux-x86_64-fedora-gcc 0.5.0 56.56 NOTE
r-devel-windows-x86_64 0.5.0 14.00 70.00 84.00 NOTE
r-patched-linux-x86_64 0.5.0 2.40 34.45 36.85 NOTE
r-release-linux-x86_64 0.5.0 1.75 33.88 35.63 NOTE
r-release-macos-arm64 0.5.0 34.00 NOTE
r-release-macos-x86_64 0.5.0 42.00 NOTE
r-release-windows-x86_64 0.5.0 13.00 123.00 136.00 NOTE
r-oldrel-macos-arm64 0.5.0 37.00 NOTE
r-oldrel-macos-x86_64 0.5.0 48.00 NOTE
r-oldrel-windows-ix86+x86_64 0.5.0 6.00 61.00 67.00 NOTE

Check Details

Version: 0.5.0
Check: LazyData
Result: NOTE
     'LazyData' is specified without a 'data' directory
Flavors: r-devel-linux-x86_64-debian-clang, r-devel-linux-x86_64-debian-gcc, r-devel-linux-x86_64-fedora-clang, r-devel-linux-x86_64-fedora-gcc, r-devel-windows-x86_64, r-patched-linux-x86_64, r-release-linux-x86_64, r-release-macos-arm64, r-release-macos-x86_64, r-release-windows-x86_64, r-oldrel-macos-arm64, r-oldrel-macos-x86_64, r-oldrel-windows-ix86+x86_64