CRAN Package Check Results for Package padr

Last updated on 2020-05-31 13:48:02 CEST.

Flavor Version Tinstall Tcheck Ttotal Status Flags
r-devel-linux-x86_64-debian-clang 0.5.2 41.94 65.36 107.30 OK
r-devel-linux-x86_64-debian-gcc 0.5.2 29.24 54.30 83.54 OK
r-devel-linux-x86_64-fedora-clang 0.5.2 148.44 OK
r-devel-linux-x86_64-fedora-gcc 0.5.2 131.50 OK
r-devel-windows-ix86+x86_64 0.5.2 107.00 146.00 253.00 NOTE
r-patched-linux-x86_64 0.5.2 28.66 64.20 92.86 OK
r-patched-solaris-x86 0.5.2 150.80 OK
r-release-linux-x86_64 0.5.2 31.96 70.44 102.40 OK
r-release-osx-x86_64 0.5.2 OK
r-release-windows-ix86+x86_64 0.5.2 83.00 218.00 301.00 NOTE
r-oldrel-osx-x86_64 0.5.2 OK
r-oldrel-windows-ix86+x86_64 0.5.2 81.00 116.00 197.00 OK

Check Details

Version: 0.5.2
Check: installed package size
Result: NOTE
     installed size is 5.2Mb
     sub-directories of 1Mb or more:
     data 1.7Mb
     doc 1.3Mb
     libs 2.0Mb
Flavors: r-devel-windows-ix86+x86_64, r-release-windows-ix86+x86_64