CRAN Package Check Results for Package pacotest

Last updated on 2022-09-26 12:53:28 CEST.

Flavor Version Tinstall Tcheck Ttotal Status Flags
r-devel-linux-x86_64-debian-clang 0.4.1 116.33 166.91 283.24 OK
r-devel-linux-x86_64-debian-gcc 0.4.1 91.38 114.03 205.41 OK
r-devel-linux-x86_64-fedora-clang 0.4.1 403.14 OK
r-devel-linux-x86_64-fedora-gcc 0.4.1 379.05 OK
r-devel-windows-x86_64 0.4.1 115.00 212.00 327.00 OK
r-patched-linux-x86_64 0.4.1 96.45 160.82 257.27 OK
r-release-linux-x86_64 0.4.1 104.20 156.64 260.84 OK
r-release-macos-arm64 0.4.1 100.00 NOTE
r-release-macos-x86_64 0.4.1 157.00 NOTE
r-release-windows-x86_64 0.4.1 109.00 219.00 328.00 OK
r-oldrel-macos-arm64 0.4.1 102.00 NOTE
r-oldrel-macos-x86_64 0.4.1 129.00 NOTE
r-oldrel-windows-ix86+x86_64 0.4.1 288.00 371.00 659.00 OK

Check Details

Version: 0.4.1
Check: installed package size
Result: NOTE
     installed size is 5.8Mb
     sub-directories of 1Mb or more:
     libs 5.5Mb
Flavors: r-release-macos-arm64, r-release-macos-x86_64, r-oldrel-macos-arm64, r-oldrel-macos-x86_64