CRAN Package Check Results for Package packrat

Last updated on 2022-10-01 01:49:11 CEST.

Flavor Version Tinstall Tcheck Ttotal Status Flags
r-devel-linux-x86_64-debian-clang 0.8.1 9.11 63.44 72.55 OK
r-devel-linux-x86_64-debian-gcc 0.8.1 7.36 46.79 54.15 OK
r-devel-linux-x86_64-fedora-clang 0.8.1 99.92 OK
r-devel-linux-x86_64-fedora-gcc 0.8.1 110.80 OK
r-devel-windows-x86_64 0.8.1 142.00 98.00 240.00 OK
r-patched-linux-x86_64 0.8.1 7.76 61.86 69.62 OK
r-release-linux-x86_64 0.8.1 8.46 61.00 69.46 OK
r-release-macos-arm64 0.8.1 194.00 OK
r-release-macos-x86_64 0.8.1 227.00 OK
r-release-windows-x86_64 0.8.1 85.00 340.00 425.00 WARN
r-oldrel-macos-arm64 0.8.1 189.00 OK
r-oldrel-macos-x86_64 0.8.1 232.00 OK
r-oldrel-windows-ix86+x86_64 0.8.1 16.00 98.00 114.00 WARN

Check Details

Version: 0.8.1
Check: for unstated dependencies in ‘tests’
Result: WARN
    Warning: unable to access index for repository https://CRAN.R-project.org/src/contrib:
     cannot open URL 'https://CRAN.R-project.org/src/contrib/PACKAGES'
Flavor: r-release-windows-x86_64

Version: 0.8.1
Check: for unstated dependencies in ‘tests’
Result: WARN
    Warning: unable to access index for repository https://bioconductor.org/packages/3.14/bioc/src/contrib:
     cannot open URL 'https://bioconductor.org/packages/3.14/bioc/src/contrib/PACKAGES'
    Warning: unable to access index for repository https://bioconductor.org/packages/3.14/data/annotation/src/contrib:
     cannot open URL 'https://bioconductor.org/packages/3.14/data/annotation/src/contrib/PACKAGES'
    Warning: unable to access index for repository https://bioconductor.org/packages/3.14/data/experiment/src/contrib:
     cannot open URL 'https://bioconductor.org/packages/3.14/data/experiment/src/contrib/PACKAGES'
Flavor: r-oldrel-windows-ix86+x86_64