Last updated on 2022-06-29 06:53:32 CEST.
Flavor | Version | Tinstall | Tcheck | Ttotal | Status | Flags |
---|---|---|---|---|---|---|
r-devel-linux-x86_64-debian-clang | 0.2.2 | 28.82 | 369.11 | 397.93 | OK | |
r-devel-linux-x86_64-debian-gcc | 0.2.2 | 24.18 | 267.78 | 291.96 | OK | |
r-devel-linux-x86_64-fedora-clang | 0.2.2 | 463.19 | WARN | |||
r-devel-linux-x86_64-fedora-gcc | 0.2.2 | 463.70 | WARN | |||
r-devel-windows-x86_64 | 0.2.2 | 98.00 | 455.00 | 553.00 | OK | |
r-patched-linux-x86_64 | 0.2.2 | 28.57 | 345.17 | 373.74 | OK | |
r-release-linux-x86_64 | 0.2.2 | 28.55 | 340.96 | 369.51 | OK | |
r-release-macos-arm64 | 0.2.2 | 122.00 | NOTE | |||
r-release-macos-x86_64 | 0.2.2 | 207.00 | NOTE | |||
r-release-windows-x86_64 | 0.2.2 | 90.00 | 466.00 | 556.00 | OK | |
r-oldrel-macos-arm64 | 0.2.2 | 187.00 | NOTE | |||
r-oldrel-macos-x86_64 | 0.2.2 | 267.00 | NOTE | |||
r-oldrel-windows-ix86+x86_64 | 0.2.2 | 78.00 | 507.00 | 585.00 | OK |
Version: 0.2.2
Check: package dependencies
Result: WARN
Imports includes 29 non-default packages.
Importing from so many packages makes the package vulnerable to any of
them becoming unavailable. Move as many as possible to Suggests and
use conditionally.
Requires (indirectly) orphaned package: ‘gtools’
Flavor: r-devel-linux-x86_64-fedora-clang
Version: 0.2.2
Check: dependencies in R code
Result: NOTE
Namespaces in Imports field not imported from:
‘flexsurv’ ‘nlme’ ‘tibble’ ‘tidyverse’ ‘tm’
All declared Imports should be used.
Flavors: r-devel-linux-x86_64-fedora-clang, r-devel-linux-x86_64-fedora-gcc, r-release-macos-arm64, r-release-macos-x86_64, r-oldrel-macos-arm64, r-oldrel-macos-x86_64
Version: 0.2.2
Check: package dependencies
Result: WARN
Requires (indirectly) orphaned package: ‘gtools’
Flavor: r-devel-linux-x86_64-fedora-gcc