CRAN Package Check Results for Package ozmaps

Last updated on 2024-06-15 06:49:52 CEST.

Flavor Version Tinstall Tcheck Ttotal Status Flags
r-devel-linux-x86_64-debian-clang 0.4.5 8.63 76.26 84.89 OK
r-devel-linux-x86_64-debian-gcc 0.4.5 9.53 59.15 68.68 OK
r-devel-linux-x86_64-fedora-clang 0.4.5 110.28 OK
r-devel-linux-x86_64-fedora-gcc 0.4.5 117.45 OK
r-devel-windows-x86_64 0.4.5 11.00 74.00 85.00 OK
r-patched-linux-x86_64 0.4.5 9.72 74.91 84.63 OK
r-release-linux-x86_64 0.4.5 11.57 73.55 85.12 OK
r-release-macos-arm64 0.4.5 41.00 OK
r-release-macos-x86_64 0.4.5 61.00 OK
r-release-windows-x86_64 0.4.5 12.00 77.00 89.00 OK
r-oldrel-macos-arm64 0.4.5 42.00 NOTE
r-oldrel-macos-x86_64 0.4.5 72.00 OK
r-oldrel-windows-x86_64 0.4.5 13.00 85.00 98.00 OK

Check Details

Version: 0.4.5
Check: installed package size
Result: NOTE installed size is 5.1Mb sub-directories of 1Mb or more: data 4.0Mb Flavor: r-oldrel-macos-arm64