CRAN Package Check Results for Package overviewR

Last updated on 2020-10-30 01:48:38 CET.

Flavor Version Tinstall Tcheck Ttotal Status Flags
r-devel-linux-x86_64-debian-clang 0.0.6 4.53 60.22 64.75 OK
r-devel-linux-x86_64-debian-gcc 0.0.6 4.26 45.28 49.54 OK
r-devel-linux-x86_64-fedora-clang 0.0.6 85.01 OK
r-devel-linux-x86_64-fedora-gcc 0.0.6 83.76 OK
r-devel-windows-ix86+x86_64 0.0.6 14.00 81.00 95.00 OK
r-patched-linux-x86_64 0.0.6 5.10 58.38 63.48 OK
r-patched-solaris-x86 0.0.6 115.70 NOTE
r-release-linux-x86_64 0.0.6 4.99 57.85 62.84 OK
r-release-macos-x86_64 0.0.6 OK
r-release-windows-ix86+x86_64 0.0.6 9.00 116.00 125.00 OK
r-oldrel-macos-x86_64 0.0.6 OK
r-oldrel-windows-ix86+x86_64 0.0.6 9.00 67.00 76.00 OK

Check Details

Version: 0.0.6
Check: package dependencies
Result: NOTE
    Package suggested but not available for checking: ‘pkgdown’
Flavor: r-patched-solaris-x86