CRAN Package Check Results for Package osmextract

Last updated on 2022-09-28 06:54:13 CEST.

Flavor Version Tinstall Tcheck Ttotal Status Flags
r-devel-linux-x86_64-debian-clang 0.4.1 5.68 98.73 104.41 OK
r-devel-linux-x86_64-debian-gcc 0.4.1 4.81 74.57 79.38 OK
r-devel-linux-x86_64-fedora-clang 0.4.1 134.46 NOTE
r-devel-linux-x86_64-fedora-gcc 0.4.1 130.91 NOTE
r-devel-windows-x86_64 0.4.1 45.00 145.00 190.00 OK
r-patched-linux-x86_64 0.4.1 7.43 92.84 100.27 OK
r-release-linux-x86_64 0.4.1 5.11 91.97 97.08 OK
r-release-macos-arm64 0.4.1 51.00 NOTE
r-release-macos-x86_64 0.4.1 62.00 NOTE
r-release-windows-x86_64 0.4.1 46.00 139.00 185.00 OK
r-oldrel-macos-arm64 0.4.1 52.00 NOTE
r-oldrel-macos-x86_64 0.4.1 69.00 NOTE
r-oldrel-windows-ix86+x86_64 0.4.1 18.00 152.00 170.00 OK

Check Details

Version: 0.4.1
Check: data for non-ASCII characters
Result: NOTE
     Note: found 263 marked UTF-8 strings
Flavors: r-devel-linux-x86_64-fedora-clang, r-devel-linux-x86_64-fedora-gcc, r-release-macos-arm64, r-release-macos-x86_64, r-oldrel-macos-arm64, r-oldrel-macos-x86_64