CRAN Package Check Results for Package oskeyring

Last updated on 2024-06-13 12:49:51 CEST.

Flavor Version Tinstall Tcheck Ttotal Status Flags
r-devel-linux-x86_64-debian-clang 0.1.6 3.81 25.42 29.23 OK
r-devel-linux-x86_64-debian-gcc 0.1.6 3.01 18.51 21.52 ERROR
r-devel-linux-x86_64-fedora-clang 0.1.6 37.84 OK
r-devel-linux-x86_64-fedora-gcc 0.1.6 35.92 OK
r-devel-windows-x86_64 0.1.6 15.00 43.00 58.00 OK
r-patched-linux-x86_64 0.1.6 4.16 24.56 28.72 OK
r-release-linux-x86_64 0.1.6 3.53 24.47 28.00 OK
r-release-macos-arm64 0.1.6 18.00 OK
r-release-macos-x86_64 0.1.6 23.00 OK
r-release-windows-x86_64 0.1.6 16.00 44.00 60.00 OK
r-oldrel-macos-arm64 0.1.6 23.00 OK
r-oldrel-macos-x86_64 0.1.6 31.00 OK
r-oldrel-windows-x86_64 0.1.6 15.00 48.00 63.00 OK

Check Details

Version: 0.1.6
Check: package dependencies
Result: NOTE Package suggested but not available for checking: ‘testthat’ Flavor: r-devel-linux-x86_64-debian-gcc

Version: 0.1.6
Check: tests
Result: ERROR Running ‘testthat.R’ [0s/1s] Running the tests in ‘tests/testthat.R’ failed. Complete output: > library(testthat) Error in library(testthat) : there is no package called 'testthat' Execution halted Flavor: r-devel-linux-x86_64-debian-gcc