Last updated on 2025-01-23 12:55:07 CET.
Flavor | Version | Tinstall | Tcheck | Ttotal | Status | Flags |
---|---|---|---|---|---|---|
r-devel-linux-x86_64-debian-clang | 0.11.4 | 15.07 | 101.08 | 116.15 | OK | |
r-devel-linux-x86_64-debian-gcc | 0.11.4 | 10.56 | 67.56 | 78.12 | OK | |
r-devel-linux-x86_64-fedora-clang | 0.11.4 | 190.29 | OK | |||
r-devel-linux-x86_64-fedora-gcc | 0.11.4 | 184.17 | OK | |||
r-devel-windows-x86_64 | 0.11.4 | 20.00 | 131.00 | 151.00 | OK | |
r-patched-linux-x86_64 | 0.11.4 | 17.25 | 94.69 | 111.94 | OK | |
r-release-linux-x86_64 | 0.11.4 | 17.00 | 94.76 | 111.76 | OK | |
r-release-macos-arm64 | 0.11.4 | 44.00 | NOTE | |||
r-release-macos-x86_64 | 0.11.4 | 86.00 | NOTE | |||
r-release-windows-x86_64 | 0.11.4 | 19.00 | 132.00 | 151.00 | NOTE | |
r-oldrel-macos-arm64 | 0.11.4 | 51.00 | NOTE | |||
r-oldrel-macos-x86_64 | 0.11.4 | 90.00 | NOTE | |||
r-oldrel-windows-x86_64 | 0.11.4 | 23.00 | 158.00 | 181.00 | NOTE |
Version: 0.11.4
Check: installed package size
Result: NOTE
installed size is 6.6Mb
sub-directories of 1Mb or more:
R 1.1Mb
nifti 3.8Mb
Flavors: r-release-macos-arm64, r-release-macos-x86_64, r-release-windows-x86_64, r-oldrel-macos-arm64, r-oldrel-macos-x86_64, r-oldrel-windows-x86_64