Last updated on 2022-05-20 06:51:03 CEST.
Flavor | Version | Tinstall | Tcheck | Ttotal | Status | Flags |
---|---|---|---|---|---|---|
r-devel-linux-x86_64-debian-clang | 4.10 | 4.24 | 50.62 | 54.86 | OK | |
r-devel-linux-x86_64-debian-gcc | 4.10 | 3.86 | 39.20 | 43.06 | OK | |
r-devel-linux-x86_64-fedora-clang | 4.10 | 68.76 | NOTE | |||
r-devel-linux-x86_64-fedora-gcc | 4.10 | 65.36 | NOTE | |||
r-devel-windows-x86_64 | 4.10 | 34.00 | 72.00 | 106.00 | OK | |
r-patched-linux-x86_64 | 4.10 | 5.85 | 49.11 | 54.96 | OK | |
r-release-linux-x86_64 | 4.10 | 2.90 | 48.83 | 51.73 | OK | |
r-release-macos-arm64 | 4.10 | 25.00 | NOTE | |||
r-release-macos-x86_64 | 4.10 | 33.00 | NOTE | |||
r-release-windows-x86_64 | 4.10 | 28.00 | 73.00 | 101.00 | OK | |
r-oldrel-macos-arm64 | 4.10 | 33.00 | NOTE | |||
r-oldrel-macos-x86_64 | 4.10 | 47.00 | NOTE | |||
r-oldrel-windows-ix86+x86_64 | 4.10 | 10.00 | 62.00 | 72.00 | OK |
Version: 4.10
Check: dependencies in R code
Result: NOTE
Namespaces in Imports field not imported from:
‘knitr’ ‘rmarkdown’
All declared Imports should be used.
Flavors: r-devel-linux-x86_64-fedora-clang, r-devel-linux-x86_64-fedora-gcc, r-release-macos-arm64, r-release-macos-x86_64, r-oldrel-macos-arm64, r-oldrel-macos-x86_64
Version: 4.10
Check: Rd cross-references
Result: NOTE
Undeclared package ‘orloca.es’ in Rd xrefs
Flavor: r-devel-linux-x86_64-fedora-clang