Last updated on 2023-02-03 12:56:08 CET.
Flavor | Version | Tinstall | Tcheck | Ttotal | Status | Flags |
---|---|---|---|---|---|---|
r-devel-linux-x86_64-debian-clang | 0.1.1 | 14.74 | 135.67 | 150.41 | OK | |
r-devel-linux-x86_64-debian-gcc | 0.1.1 | 11.10 | 99.47 | 110.57 | OK | |
r-devel-linux-x86_64-fedora-clang | 0.1.1 | 184.98 | NOTE | |||
r-devel-linux-x86_64-fedora-gcc | 0.1.1 | 195.07 | NOTE | |||
r-devel-windows-x86_64 | 0.1.1 | 93.00 | 198.00 | 291.00 | OK | |
r-patched-linux-x86_64 | 0.1.1 | 18.95 | 120.15 | 139.10 | OK | |
r-release-linux-x86_64 | 0.1.1 | 11.06 | 120.58 | 131.64 | OK | |
r-release-macos-arm64 | 0.1.1 | 53.00 | NOTE | |||
r-release-macos-x86_64 | 0.1.1 | 72.00 | NOTE | |||
r-release-windows-x86_64 | 0.1.1 | 102.00 | 196.00 | 298.00 | OK | |
r-oldrel-macos-arm64 | 0.1.1 | 60.00 | NOTE | |||
r-oldrel-macos-x86_64 | 0.1.1 | 74.00 | NOTE | |||
r-oldrel-windows-ix86+x86_64 | 0.1.1 | 28.00 | 148.00 | 176.00 | OK |
Version: 0.1.1
Check: Rd cross-references
Result: NOTE
Undeclared package ‘pillar’ in Rd xrefs
Flavor: r-devel-linux-x86_64-fedora-clang
Version: 0.1.1
Check: data for non-ASCII characters
Result: NOTE
Note: found 4 marked UTF-8 strings
Flavors: r-devel-linux-x86_64-fedora-clang, r-devel-linux-x86_64-fedora-gcc, r-release-macos-arm64, r-release-macos-x86_64, r-oldrel-macos-arm64, r-oldrel-macos-x86_64