Last updated on 2023-12-02 00:52:04 CET.
Flavor | Version | Tinstall | Tcheck | Ttotal | Status | Flags |
---|---|---|---|---|---|---|
r-devel-linux-x86_64-debian-clang | 1.0.8 | 13.03 | 115.33 | 128.36 | OK | |
r-devel-linux-x86_64-debian-gcc | 1.0.8 | 8.57 | 89.41 | 97.98 | OK | |
r-devel-linux-x86_64-fedora-clang | 1.0.8 | 158.14 | NOTE | |||
r-devel-linux-x86_64-fedora-gcc | 1.0.8 | 166.62 | OK | |||
r-devel-windows-x86_64 | 1.0.8 | 12.00 | 67.00 | 79.00 | OK | --no-vignettes |
r-patched-linux-x86_64 | 1.0.8 | 11.50 | 114.86 | 126.36 | OK | |
r-release-linux-x86_64 | 1.0.8 | 9.68 | 112.32 | 122.00 | OK | |
r-release-macos-arm64 | 1.0.8 | 60.00 | OK | |||
r-release-macos-x86_64 | 1.0.8 | 183.00 | OK | |||
r-release-windows-x86_64 | 1.0.8 | 16.00 | 70.00 | 86.00 | OK | --no-vignettes |
r-oldrel-macos-arm64 | 1.0.8 | 59.00 | OK | |||
r-oldrel-macos-x86_64 | 1.0.8 | 85.00 | OK | |||
r-oldrel-windows-x86_64 | 1.0.8 | 14.00 | 78.00 | 92.00 | OK | --no-vignettes |
Version: 1.0.8
Check: Rd cross-references
Result: NOTE
Undeclared package ‘VGAM’ in Rd xrefs
Flavor: r-devel-linux-x86_64-fedora-clang