CRAN Package Check Results for Package ordinalForest

Last updated on 2022-10-02 00:55:15 CEST.

Flavor Version Tinstall Tcheck Ttotal Status Flags
r-devel-linux-x86_64-debian-clang 2.4-2 91.57 36.63 128.20 WARN
r-devel-linux-x86_64-debian-gcc 2.4-2 73.88 28.10 101.98 OK
r-devel-linux-x86_64-fedora-clang 2.4-2 215.83 WARN
r-devel-linux-x86_64-fedora-gcc 2.4-2 181.47 OK
r-devel-windows-x86_64 2.4-2 90.00 88.00 178.00 OK
r-patched-linux-x86_64 2.4-2 78.78 35.04 113.82 OK
r-release-linux-x86_64 2.4-2 76.62 35.65 112.27 OK
r-release-macos-arm64 2.4-2 45.00 NOTE
r-release-macos-x86_64 2.4-2 71.00 NOTE
r-release-windows-x86_64 2.4-2 108.00 85.00 193.00 OK
r-oldrel-macos-arm64 2.4-2 45.00 NOTE
r-oldrel-macos-x86_64 2.4-2 60.00 NOTE
r-oldrel-windows-ix86+x86_64 2.4-2 210.00 89.00 299.00 OK

Additional issues

clang14

Check Details

Version: 2.4-2
Check: whether package can be installed
Result: WARN
    Found the following significant warnings:
     Forest.cpp:361:9: warning: use of bitwise '&' with boolean operands [-Wbitwise-instead-of-logical]
Flavors: r-devel-linux-x86_64-debian-clang, r-devel-linux-x86_64-fedora-clang

Version: 2.4-2
Check: installed package size
Result: NOTE
     installed size is 5.5Mb
     sub-directories of 1Mb or more:
     libs 5.4Mb
Flavors: r-release-macos-arm64, r-release-macos-x86_64, r-oldrel-macos-arm64, r-oldrel-macos-x86_64