CRAN Package Check Results for Package orca

Last updated on 2022-10-02 00:55:15 CEST.

Flavor Version Tinstall Tcheck Ttotal Status Flags
r-devel-linux-x86_64-debian-clang 1.1-1 10.16 26.46 36.62 OK
r-devel-linux-x86_64-debian-gcc 1.1-1 8.67 20.38 29.05 OK
r-devel-linux-x86_64-fedora-clang 1.1-1 58.79 NOTE
r-devel-linux-x86_64-fedora-gcc 1.1-1 55.47 NOTE
r-devel-windows-x86_64 1.1-1 13.00 57.00 70.00 OK
r-patched-linux-x86_64 1.1-1 7.13 25.49 32.62 OK
r-release-linux-x86_64 1.1-1 8.36 25.14 33.50 OK
r-release-macos-arm64 1.1-1 20.00 NOTE
r-release-macos-x86_64 1.1-1 26.00 OK
r-release-windows-x86_64 1.1-1 17.00 55.00 72.00 OK
r-oldrel-macos-arm64 1.1-1 25.00 OK
r-oldrel-macos-x86_64 1.1-1 34.00 OK
r-oldrel-windows-ix86+x86_64 1.1-1 23.00 42.00 65.00 OK

Check Details

Version: 1.1-1
Check: compiled code
Result: NOTE
    File ‘orca/libs/orca.so’:
     Found no calls to: ‘R_registerRoutines’, ‘R_useDynamicSymbols’
    
    It is good practice to register native routines and to disable symbol
    search.
    
    See ‘Writing portable packages’ in the ‘Writing R Extensions’ manual.
Flavors: r-devel-linux-x86_64-fedora-clang, r-devel-linux-x86_64-fedora-gcc

Version: 1.1-1
Check: package dependencies
Result: NOTE
    Package which this enhances but not available for checking: ‘graph’
Flavor: r-release-macos-arm64