CRAN Package Check Results for Package optpart

Last updated on 2020-10-21 13:50:00 CEST.

Flavor Version Tinstall Tcheck Ttotal Status Flags
r-devel-linux-x86_64-debian-clang 3.0-3 12.14 94.63 106.77 OK
r-devel-linux-x86_64-debian-gcc 3.0-3 9.99 72.20 82.19 OK
r-devel-linux-x86_64-fedora-clang 3.0-3 135.45 NOTE
r-devel-linux-x86_64-fedora-gcc 3.0-3 127.99 NOTE
r-devel-windows-ix86+x86_64 3.0-3 33.00 175.00 208.00 OK
r-patched-linux-x86_64 3.0-3 13.37 88.54 101.91 OK
r-patched-solaris-x86 3.0-3 189.80 OK
r-release-linux-x86_64 3.0-3 12.85 89.59 102.44 OK
r-release-macos-x86_64 3.0-3 OK
r-release-windows-ix86+x86_64 3.0-3 29.00 127.00 156.00 OK
r-oldrel-macos-x86_64 3.0-3 OK
r-oldrel-windows-ix86+x86_64 3.0-3 32.00 135.00 167.00 OK

Check Details

Version: 3.0-3
Check: Rd cross-references
Result: NOTE
    Undeclared package ‘vegan’ in Rd xrefs
Flavor: r-devel-linux-x86_64-fedora-clang

Version: 3.0-3
Check: compiled code
Result: NOTE
    File ‘optpart/libs/optpart.so’:
     Found no calls to: ‘R_registerRoutines’, ‘R_useDynamicSymbols’
    
    It is good practice to register native routines and to disable symbol
    search.
    
    See ‘Writing portable packages’ in the ‘Writing R Extensions’ manual.
Flavors: r-devel-linux-x86_64-fedora-clang, r-devel-linux-x86_64-fedora-gcc