Last updated on 2022-06-28 00:51:21 CEST.
Flavor | Version | Tinstall | Tcheck | Ttotal | Status | Flags |
---|---|---|---|---|---|---|
r-devel-linux-x86_64-debian-clang | 0.10.3 | 42.03 | 132.96 | 174.99 | NOTE | |
r-devel-linux-x86_64-debian-gcc | 0.10.3 | 37.99 | 98.43 | 136.42 | NOTE | |
r-devel-linux-x86_64-fedora-clang | 0.10.3 | 233.98 | NOTE | |||
r-devel-linux-x86_64-fedora-gcc | 0.10.3 | 235.11 | NOTE | |||
r-devel-windows-x86_64 | 0.10.3 | 139.00 | 190.00 | 329.00 | NOTE | |
r-patched-linux-x86_64 | 0.10.3 | 43.18 | 123.54 | 166.72 | NOTE | |
r-release-linux-x86_64 | 0.10.3 | 43.10 | 124.99 | 168.09 | NOTE | |
r-release-macos-arm64 | 0.10.3 | 70.00 | NOTE | |||
r-release-macos-x86_64 | 0.10.3 | 90.00 | NOTE | |||
r-release-windows-x86_64 | 0.10.3 | 130.00 | 183.00 | 313.00 | NOTE | |
r-oldrel-macos-arm64 | 0.10.3 | 63.00 | NOTE | |||
r-oldrel-macos-x86_64 | 0.10.3 | 88.00 | NOTE | |||
r-oldrel-windows-ix86+x86_64 | 0.10.3 | 111.00 | 248.00 | 359.00 | NOTE |
Version: 0.10.3
Check: package dependencies
Result: NOTE
Package suggested but not available for checking: 'rrelaxiv'
Flavors: r-devel-linux-x86_64-debian-clang, r-devel-linux-x86_64-debian-gcc, r-devel-linux-x86_64-fedora-clang, r-devel-linux-x86_64-fedora-gcc, r-devel-windows-x86_64, r-patched-linux-x86_64, r-release-linux-x86_64, r-release-macos-arm64, r-release-macos-x86_64, r-release-windows-x86_64, r-oldrel-macos-arm64, r-oldrel-macos-x86_64, r-oldrel-windows-ix86+x86_64
Version: 0.10.3
Check: Rd files
Result: NOTE
checkRd: (-1) match_on-methods.Rd:149: Escaped LaTeX specials: \&
checkRd: (-1) scores.Rd:29: Escaped LaTeX specials: \&
Flavors: r-devel-linux-x86_64-debian-clang, r-devel-linux-x86_64-debian-gcc, r-devel-linux-x86_64-fedora-clang, r-devel-linux-x86_64-fedora-gcc, r-devel-windows-x86_64
Version: 0.10.3
Check: installed package size
Result: NOTE
installed size is 5.2Mb
sub-directories of 1Mb or more:
doc 2.3Mb
libs 2.1Mb
Flavor: r-oldrel-windows-ix86+x86_64