CRAN Package Check Results for Package optim.functions

Last updated on 2022-12-04 12:55:33 CET.

Flavor Version Tinstall Tcheck Ttotal Status Flags
r-devel-linux-x86_64-debian-clang 0.1 2.52 25.29 27.81 NOTE
r-devel-linux-x86_64-debian-gcc 0.1 2.35 19.72 22.07 NOTE
r-devel-linux-x86_64-fedora-clang 0.1 45.25 NOTE
r-devel-linux-x86_64-fedora-gcc 0.1 43.03 NOTE
r-devel-windows-x86_64 0.1 21.00 59.00 80.00 NOTE
r-patched-linux-x86_64 0.1 2.22 24.23 26.45 NOTE
r-release-linux-x86_64 0.1 2.49 23.95 26.44 NOTE
r-release-macos-arm64 0.1 16.00 NOTE
r-release-macos-x86_64 0.1 24.00 NOTE
r-release-windows-x86_64 0.1 12.00 59.00 71.00 NOTE
r-oldrel-macos-arm64 0.1 21.00 NOTE
r-oldrel-macos-x86_64 0.1 28.00 NOTE
r-oldrel-windows-ix86+x86_64 0.1 5.00 48.00 53.00 NOTE

Check Details

Version: 0.1
Check: LazyData
Result: NOTE
     'LazyData' is specified without a 'data' directory
Flavors: r-devel-linux-x86_64-debian-clang, r-devel-linux-x86_64-debian-gcc, r-devel-linux-x86_64-fedora-clang, r-devel-linux-x86_64-fedora-gcc, r-devel-windows-x86_64, r-patched-linux-x86_64, r-release-linux-x86_64, r-release-macos-arm64, r-release-macos-x86_64, r-release-windows-x86_64, r-oldrel-macos-arm64, r-oldrel-macos-x86_64, r-oldrel-windows-ix86+x86_64