CRAN Package Check Results for Package optbdmaeAT

Last updated on 2020-10-28 01:49:40 CET.

Flavor Version Tinstall Tcheck Ttotal Status Flags
r-devel-linux-x86_64-debian-clang 1.0.1 11.49 75.59 87.08 NOTE
r-devel-linux-x86_64-debian-gcc 1.0.1 8.84 57.43 66.27 NOTE
r-devel-linux-x86_64-fedora-clang 1.0.1 111.89 NOTE
r-devel-linux-x86_64-fedora-gcc 1.0.1 101.82 NOTE
r-devel-windows-ix86+x86_64 1.0.1 20.00 72.00 92.00 OK
r-patched-linux-x86_64 1.0.1 NOTE
r-patched-solaris-x86 1.0.1 148.50 NOTE
r-release-linux-x86_64 1.0.1 11.50 68.27 79.77 NOTE
r-release-macos-x86_64 1.0.1 OK
r-release-windows-ix86+x86_64 1.0.1 16.00 66.00 82.00 OK
r-oldrel-macos-x86_64 1.0.1 FAIL
r-oldrel-windows-ix86+x86_64 1.0.1 18.00 84.00 102.00 OK

Check Details

Version: 1.0.1
Check: for non-standard things in the check directory
Result: NOTE
    Found the following files/directories:
     'Graph_layout_Doptbd_trtE'
Flavors: r-devel-linux-x86_64-debian-clang, r-devel-linux-x86_64-debian-gcc, r-devel-linux-x86_64-fedora-clang, r-devel-linux-x86_64-fedora-gcc, r-patched-linux-x86_64, r-patched-solaris-x86, r-release-linux-x86_64

Version: 1.0.1
Check: whether package can be installed
Result: FAIL
Flavor: r-oldrel-macos-x86_64