CRAN Package Check Results for Package optBiomarker

Last updated on 2020-10-26 13:47:04 CET.

Flavor Version Tinstall Tcheck Ttotal Status Flags
r-devel-linux-x86_64-debian-clang 1.0-27 11.70 103.78 115.48 NOTE
r-devel-linux-x86_64-debian-gcc 1.0-27 9.10 79.01 88.11 NOTE
r-devel-linux-x86_64-fedora-clang 1.0-27 147.98 NOTE
r-devel-linux-x86_64-fedora-gcc 1.0-27 135.97 NOTE
r-devel-windows-ix86+x86_64 1.0-27 24.00 119.00 143.00 NOTE
r-patched-linux-x86_64 1.0-27 10.64 96.85 107.49 NOTE
r-patched-solaris-x86 1.0-27 208.30 NOTE
r-release-linux-x86_64 1.0-27 11.77 96.77 108.54 NOTE
r-release-macos-x86_64 1.0-27 ERROR
r-release-windows-ix86+x86_64 1.0-27 21.00 88.00 109.00 NOTE
r-oldrel-macos-x86_64 1.0-27 ERROR
r-oldrel-windows-ix86+x86_64 1.0-27 21.00 92.00 113.00 NOTE

Check Details

Version: 1.0-27
Check: DESCRIPTION meta-information
Result: NOTE
    Malformed Description field: should contain one or more complete sentences.
Flavors: r-devel-linux-x86_64-debian-clang, r-devel-linux-x86_64-debian-gcc, r-devel-linux-x86_64-fedora-clang, r-devel-linux-x86_64-fedora-gcc, r-devel-windows-ix86+x86_64, r-patched-linux-x86_64, r-patched-solaris-x86, r-release-linux-x86_64, r-release-windows-ix86+x86_64, r-oldrel-windows-ix86+x86_64

Version: 1.0-27
Check: R code for possible problems
Result: NOTE
    avg2Lower: no visible global function definition for 'optimize'
    classificationError.data.frame: no visible binding for global variable
     'na.omit'
    classificationError.data.frame: no visible global function definition
     for 'terms'
    classificationError.data.frame: no visible binding for global variable
     'predict'
    classpredict.lda: no visible global function definition for 'predict'
    simData: no visible global function definition for 'rnorm'
    simData: no visible global function definition for 'runif'
    simData: no visible global function definition for 'var'
    tnormAvg: no visible global function definition for 'dnorm'
    tnormAvg: no visible global function definition for 'pnorm'
    yapprox: no visible global function definition for 'approx'
    Undefined global functions or variables:
     approx dnorm na.omit optimize pnorm predict rnorm runif terms var
    Consider adding
     importFrom("stats", "approx", "dnorm", "na.omit", "optimize", "pnorm",
     "predict", "rnorm", "runif", "terms", "var")
    to your NAMESPACE file.
Flavors: r-devel-linux-x86_64-debian-clang, r-devel-linux-x86_64-debian-gcc, r-devel-linux-x86_64-fedora-clang, r-devel-linux-x86_64-fedora-gcc, r-devel-windows-ix86+x86_64, r-patched-linux-x86_64, r-patched-solaris-x86, r-release-linux-x86_64, r-release-windows-ix86+x86_64, r-oldrel-windows-ix86+x86_64

Version: 1.0-27
Check: package dependencies
Result: ERROR
    Package required but not available: ‘rpanel’
    
    See section ‘The DESCRIPTION file’ in the ‘Writing R Extensions’
    manual.
Flavors: r-release-macos-x86_64, r-oldrel-macos-x86_64