Last updated on 2022-08-08 06:54:09 CEST.
Flavor | Version | Tinstall | Tcheck | Ttotal | Status | Flags |
---|---|---|---|---|---|---|
r-devel-linux-x86_64-debian-clang | 4.2.5 | 127.10 | 135.20 | 262.30 | WARN | |
r-devel-linux-x86_64-debian-gcc | 4.2.5 | 104.15 | 102.01 | 206.16 | OK | |
r-devel-linux-x86_64-fedora-clang | 4.2.5 | 363.77 | WARN | |||
r-devel-linux-x86_64-fedora-gcc | 4.2.5 | 337.86 | OK | |||
r-devel-windows-x86_64 | 4.2.5 | 179.00 | 210.00 | 389.00 | OK | |
r-patched-linux-x86_64 | 4.2.5 | 104.42 | 125.88 | 230.30 | OK | |
r-release-linux-x86_64 | 4.2.5 | OK | ||||
r-release-macos-arm64 | 4.2.5 | 94.00 | NOTE | |||
r-release-macos-x86_64 | 4.2.5 | 133.00 | NOTE | |||
r-release-windows-x86_64 | 4.2.5 | 177.00 | 252.00 | 429.00 | OK | |
r-oldrel-macos-arm64 | 4.2.5 | 90.00 | NOTE | |||
r-oldrel-macos-x86_64 | 4.2.5 | 138.00 | NOTE | |||
r-oldrel-windows-ix86+x86_64 | 4.2.5 | 267.00 | 280.00 | 547.00 | OK |
Version: 4.2.5
Check: whether package can be installed
Result: WARN
Found the following significant warnings:
load_workbook.cpp:122:15: warning: use of bitwise '|' with boolean operands [-Wbitwise-instead-of-logical]
load_workbook.cpp:142:17: warning: use of bitwise '&' with boolean operands [-Wbitwise-instead-of-logical]
read_workbook.cpp:640:6: warning: use of bitwise '|' with boolean operands [-Wbitwise-instead-of-logical]
write_data.cpp:106:8: warning: use of bitwise '|' with boolean operands [-Wbitwise-instead-of-logical]
write_data.cpp:137:8: warning: use of bitwise '|' with boolean operands [-Wbitwise-instead-of-logical]
write_file.cpp:251:14: warning: use of bitwise '&' with boolean operands [-Wbitwise-instead-of-logical]
Flavors: r-devel-linux-x86_64-debian-clang, r-devel-linux-x86_64-fedora-clang
Version: 4.2.5
Check: installed package size
Result: NOTE
installed size is 6.0Mb
sub-directories of 1Mb or more:
extdata 1.1Mb
libs 3.8Mb
Flavors: r-devel-linux-x86_64-fedora-clang, r-release-macos-arm64, r-release-macos-x86_64, r-oldrel-macos-arm64, r-oldrel-macos-x86_64