Last updated on 2023-12-11 00:49:14 CET.
Flavor | Version | Tinstall | Tcheck | Ttotal | Status | Flags |
---|---|---|---|---|---|---|
r-devel-linux-x86_64-debian-clang | 0.4.0 | 149.22 | 72.25 | 221.47 | OK | |
r-devel-linux-x86_64-debian-gcc | 0.4.0 | 96.61 | 38.88 | 135.49 | OK | |
r-devel-linux-x86_64-fedora-gcc | 0.4.0 | 305.49 | OK | |||
r-devel-windows-x86_64 | 0.4.0 | 121.00 | 181.00 | 302.00 | NOTE | |
r-patched-linux-x86_64 | 0.4.0 | 115.59 | 53.09 | 168.68 | OK | |
r-release-linux-x86_64 | 0.4.0 | 117.21 | 53.04 | 170.25 | OK | |
r-release-macos-arm64 | 0.4.0 | 74.00 | NOTE | |||
r-release-macos-x86_64 | 0.4.0 | 92.00 | NOTE | |||
r-release-windows-x86_64 | 0.4.0 | 116.00 | 211.00 | 327.00 | NOTE | |
r-oldrel-macos-arm64 | 0.4.0 | 69.00 | NOTE | |||
r-oldrel-macos-x86_64 | 0.3.1 | 94.00 | NOTE | |||
r-oldrel-windows-x86_64 | 0.4.0 | 177.00 | 184.00 | 361.00 | NOTE |
Version: 0.4.0
Check: installed package size
Result: NOTE
installed size is 30.3Mb
sub-directories of 1Mb or more:
libs 19.9Mb
share 10.2Mb
Flavors: r-devel-windows-x86_64, r-release-macos-arm64, r-release-macos-x86_64, r-release-windows-x86_64, r-oldrel-macos-arm64, r-oldrel-windows-x86_64
Version: 0.3.1
Check: installed package size
Result: NOTE
installed size is 27.3Mb
sub-directories of 1Mb or more:
libs 16.9Mb
share 10.2Mb
Flavor: r-oldrel-macos-x86_64