CRAN Package Check Results for Package opencpu

Last updated on 2022-10-05 06:51:28 CEST.

Flavor Version Tinstall Tcheck Ttotal Status Flags
r-devel-linux-x86_64-debian-clang 2.2.8 6.59 44.89 51.48 OK
r-devel-linux-x86_64-debian-gcc 2.2.8 3.79 33.49 37.28 OK
r-devel-linux-x86_64-fedora-clang 2.2.8 73.33 NOTE
r-devel-linux-x86_64-fedora-gcc 2.2.8 69.98 NOTE
r-devel-windows-x86_64 2.2.8 26.00 76.00 102.00 NOTE
r-patched-linux-x86_64 2.2.8 9.36 42.95 52.31 OK
r-release-linux-x86_64 2.2.8 5.10 42.96 48.06 OK
r-release-macos-arm64 2.2.8 24.00 NOTE
r-release-macos-x86_64 2.2.8 32.00 NOTE
r-release-windows-x86_64 2.2.8 26.00 68.00 94.00 NOTE
r-oldrel-macos-arm64 2.2.8 23.00 NOTE
r-oldrel-macos-x86_64 2.2.8 32.00 NOTE
r-oldrel-windows-ix86+x86_64 2.2.8 11.00 65.00 76.00 NOTE

Check Details

Version: 2.2.8
Check: data for non-ASCII characters
Result: NOTE
     Note: found 4 marked UTF-8 strings
Flavors: r-devel-linux-x86_64-fedora-clang, r-devel-linux-x86_64-fedora-gcc, r-release-macos-arm64, r-release-macos-x86_64, r-oldrel-macos-arm64, r-oldrel-macos-x86_64

Version: 2.2.8
Check: package dependencies
Result: NOTE
    Package suggested but not available for checking: 'unix'
Flavors: r-devel-windows-x86_64, r-release-windows-x86_64, r-oldrel-windows-ix86+x86_64