CRAN Package Check Results for Package openSTARS

Last updated on 2022-09-28 00:52:48 CEST.

Flavor Version Tinstall Tcheck Ttotal Status Flags
r-devel-linux-x86_64-debian-clang 1.2.3 20.16 158.65 178.81 OK
r-devel-linux-x86_64-debian-gcc 1.2.3 17.02 118.29 135.31 OK
r-devel-linux-x86_64-fedora-clang 1.2.3 224.22 NOTE
r-devel-linux-x86_64-fedora-gcc 1.2.3 210.80 OK
r-devel-windows-x86_64 1.2.3 46.00 206.00 252.00 NOTE
r-patched-linux-x86_64 1.2.3 17.78 150.72 168.50 OK
r-release-linux-x86_64 1.2.3 18.14 151.00 169.14 OK
r-release-macos-arm64 1.2.3 52.00 NOTE
r-release-macos-x86_64 1.2.3 84.00 NOTE
r-release-windows-x86_64 1.2.3 44.00 210.00 254.00 NOTE
r-oldrel-macos-arm64 1.2.3 57.00 NOTE
r-oldrel-macos-x86_64 1.2.3 75.00 NOTE
r-oldrel-windows-ix86+x86_64 1.2.3 53.00 219.00 272.00 NOTE

Check Details

Version: 1.2.3
Check: installed package size
Result: NOTE
     installed size is 9.4Mb
     sub-directories of 1Mb or more:
     extdata 9.0Mb
Flavors: r-devel-linux-x86_64-fedora-clang, r-devel-windows-x86_64, r-release-macos-arm64, r-release-macos-x86_64, r-release-windows-x86_64, r-oldrel-macos-arm64, r-oldrel-macos-x86_64, r-oldrel-windows-ix86+x86_64