CRAN Package Check Results for Package opGMMassessment

Last updated on 2022-09-27 19:12:04 CEST.

Flavor Version Tinstall Tcheck Ttotal Status Flags
r-devel-linux-x86_64-debian-clang 0.3.2 20.00 153.72 173.72 OK
r-devel-linux-x86_64-debian-gcc 0.3.2 14.31 115.13 129.44 OK
r-devel-linux-x86_64-fedora-clang 0.3.2 224.49 OK
r-devel-linux-x86_64-fedora-gcc 0.3.2 222.37 OK
r-devel-windows-x86_64 0.3.2 36.00 166.00 202.00 OK
r-patched-linux-x86_64 0.3.2 19.06 143.92 162.98 OK
r-release-linux-x86_64 0.3.2 15.93 142.01 157.94 OK
r-release-macos-arm64 0.3.2 6.00 ERROR
r-release-macos-x86_64 0.3.2 6.00 ERROR
r-release-windows-x86_64 0.3.2 43.00 164.00 207.00 OK
r-oldrel-macos-arm64 0.3.2 9.00 ERROR
r-oldrel-macos-x86_64 0.3.2 11.00 ERROR
r-oldrel-windows-ix86+x86_64 0.3.2 41.00 168.00 209.00 OK

Check Details

Version: 0.3.2
Check: package dependencies
Result: ERROR
    Package required but not available: ‘mixAK’
    
    See section ‘The DESCRIPTION file’ in the ‘Writing R Extensions’
    manual.
Flavors: r-release-macos-arm64, r-release-macos-x86_64, r-oldrel-macos-arm64, r-oldrel-macos-x86_64