CRAN Package Check Results for Package onemapsgapi

Last updated on 2021-04-09 19:49:35 CEST.

Flavor Version Tinstall Tcheck Ttotal Status Flags
r-devel-linux-x86_64-debian-clang 1.0.0 5.27 51.85 57.12 NOTE
r-devel-linux-x86_64-debian-gcc 1.0.0 4.14 38.93 43.07 NOTE
r-devel-linux-x86_64-fedora-clang 1.0.0 72.90 NOTE
r-devel-linux-x86_64-fedora-gcc 1.0.0 62.17 NOTE
r-devel-windows-ix86+x86_64 1.0.0 10.00 55.00 65.00 NOTE
r-devel-windows-x86_64-gcc10-UCRT 1.0.0 NOTE
r-patched-linux-x86_64 1.0.0 4.37 48.53 52.90 OK
r-patched-solaris-x86 1.0.0 102.10 OK
r-release-linux-x86_64 1.0.0 OK
r-release-macos-x86_64 1.0.0 OK
r-release-windows-ix86+x86_64 1.0.0 23.00 72.00 95.00 OK
r-oldrel-macos-x86_64 1.0.0 OK
r-oldrel-windows-ix86+x86_64 1.0.0 11.00 62.00 73.00 OK

Check Details

Version: 1.0.0
Check: LazyData
Result: NOTE
     'LazyData' is specified without a 'data' directory
Flavors: r-devel-linux-x86_64-debian-clang, r-devel-linux-x86_64-debian-gcc, r-devel-linux-x86_64-fedora-clang, r-devel-linux-x86_64-fedora-gcc, r-devel-windows-ix86+x86_64, r-devel-windows-x86_64-gcc10-UCRT