CRAN Package Check Results for Package onehot

Last updated on 2022-12-04 00:51:35 CET.

Flavor Version Tinstall Tcheck Ttotal Status Flags
r-devel-linux-x86_64-debian-clang 0.1.1 2.48 21.06 23.54 NOTE
r-devel-linux-x86_64-debian-gcc 0.1.1 2.07 16.97 19.04 NOTE
r-devel-linux-x86_64-fedora-clang 0.1.1 40.07 NOTE
r-devel-linux-x86_64-fedora-gcc 0.1.1 38.34 NOTE
r-devel-windows-x86_64 0.1.1 11.00 47.00 58.00 NOTE
r-patched-linux-x86_64 0.1.1 2.14 20.37 22.51 NOTE
r-release-linux-x86_64 0.1.1 2.22 20.78 23.00 NOTE
r-release-macos-arm64 0.1.1 15.00 NOTE
r-release-macos-x86_64 0.1.1 19.00 NOTE
r-release-windows-x86_64 0.1.1 6.00 42.00 48.00 NOTE
r-oldrel-macos-arm64 0.1.1 18.00 NOTE
r-oldrel-macos-x86_64 0.1.1 21.00 NOTE
r-oldrel-windows-ix86+x86_64 0.1.1 7.00 30.00 37.00 NOTE

Check Details

Version: 0.1.1
Check: LazyData
Result: NOTE
     'LazyData' is specified without a 'data' directory
Flavors: r-devel-linux-x86_64-debian-clang, r-devel-linux-x86_64-debian-gcc, r-devel-linux-x86_64-fedora-clang, r-devel-linux-x86_64-fedora-gcc, r-devel-windows-x86_64, r-patched-linux-x86_64, r-release-linux-x86_64, r-release-macos-arm64, r-release-macos-x86_64, r-release-windows-x86_64, r-oldrel-macos-arm64, r-oldrel-macos-x86_64, r-oldrel-windows-ix86+x86_64