CRAN Package Check Results for Package ondisc

Last updated on 2022-08-15 01:50:58 CEST.

Flavor Version Tinstall Tcheck Ttotal Status Flags
r-devel-linux-x86_64-debian-clang 1.0.0 40.89 87.46 128.35 NOTE
r-devel-linux-x86_64-debian-gcc 1.0.0 29.64 61.42 91.06 NOTE
r-devel-linux-x86_64-fedora-clang 1.0.0 182.49 NOTE
r-devel-linux-x86_64-fedora-gcc 1.0.0 163.06 NOTE
r-devel-windows-x86_64 1.0.0 57.00 138.00 195.00 NOTE
r-patched-linux-x86_64 1.0.0 31.79 81.40 113.19 NOTE
r-release-linux-x86_64 1.0.0 36.75 85.36 122.11 NOTE
r-release-macos-arm64 1.0.0 51.00 NOTE
r-release-macos-x86_64 1.0.0 89.00 NOTE
r-release-windows-x86_64 1.0.0 197.00 142.00 339.00 NOTE
r-oldrel-macos-arm64 1.0.0 46.00 NOTE
r-oldrel-macos-x86_64 1.0.0 109.00 NOTE
r-oldrel-windows-ix86+x86_64 1.0.0 109.00 195.00 304.00 NOTE

Check Details

Version: 1.0.0
Check: LazyData
Result: NOTE
     'LazyData' is specified without a 'data' directory
Flavors: r-devel-linux-x86_64-debian-clang, r-devel-linux-x86_64-debian-gcc, r-devel-linux-x86_64-fedora-clang, r-devel-linux-x86_64-fedora-gcc, r-devel-windows-x86_64, r-patched-linux-x86_64, r-release-linux-x86_64, r-release-macos-arm64, r-release-macos-x86_64, r-release-windows-x86_64, r-oldrel-macos-arm64, r-oldrel-macos-x86_64, r-oldrel-windows-ix86+x86_64

Version: 1.0.0
Check: for GNU extensions in Makefiles
Result: NOTE
    GNU make is a SystemRequirements.
Flavors: r-devel-linux-x86_64-debian-clang, r-devel-linux-x86_64-debian-gcc, r-devel-linux-x86_64-fedora-clang, r-devel-linux-x86_64-fedora-gcc, r-devel-windows-x86_64, r-patched-linux-x86_64, r-release-linux-x86_64, r-release-macos-arm64, r-release-macos-x86_64, r-release-windows-x86_64, r-oldrel-macos-arm64, r-oldrel-macos-x86_64, r-oldrel-windows-ix86+x86_64

Version: 1.0.0
Check: installed package size
Result: NOTE
     installed size is 13.7Mb
     sub-directories of 1Mb or more:
     libs 12.6Mb
Flavors: r-devel-linux-x86_64-fedora-clang, r-devel-windows-x86_64, r-release-macos-arm64, r-release-macos-x86_64, r-release-windows-x86_64, r-oldrel-macos-arm64, r-oldrel-macos-x86_64, r-oldrel-windows-ix86+x86_64