CRAN Package Check Results for Package oncoPredict

Last updated on 2022-06-30 06:49:31 CEST.

Flavor Version Tinstall Tcheck Ttotal Status Flags
r-devel-linux-x86_64-debian-clang 0.2 56.01 561.51 617.52 OK
r-devel-linux-x86_64-debian-gcc 0.2 48.33 420.57 468.90 OK
r-devel-linux-x86_64-fedora-clang 0.2 749.05 WARN
r-devel-linux-x86_64-fedora-gcc 0.2 787.21 WARN
r-devel-windows-x86_64 0.2 70.00 518.00 588.00 OK
r-patched-linux-x86_64 0.2 54.49 535.00 589.49 OK
r-release-linux-x86_64 0.2 50.00 537.83 587.83 OK
r-release-macos-arm64 0.2 195.00 NOTE
r-release-macos-x86_64 0.2 324.00 NOTE
r-release-windows-x86_64 0.2 61.00 526.00 587.00 OK
r-oldrel-macos-arm64 0.2 227.00 NOTE
r-oldrel-macos-x86_64 0.2 267.00 NOTE
r-oldrel-windows-ix86+x86_64 0.2 122.00 599.00 721.00 OK

Check Details

Version: 0.2
Check: package dependencies
Result: WARN
    Requires (indirectly) orphaned package: ‘gtools’
Flavors: r-devel-linux-x86_64-fedora-clang, r-devel-linux-x86_64-fedora-gcc

Version: 0.2
Check: dependencies in R code
Result: NOTE
    Namespaces in Imports field not imported from:
     ‘gdata’ ‘genefilter’ ‘maftools’ ‘readxl’
     All declared Imports should be used.
Flavors: r-devel-linux-x86_64-fedora-clang, r-devel-linux-x86_64-fedora-gcc, r-release-macos-arm64, r-release-macos-x86_64, r-oldrel-macos-arm64, r-oldrel-macos-x86_64