Last updated on 2023-09-26 13:08:38 CEST.
Flavor | Version | Tinstall | Tcheck | Ttotal | Status | Flags |
---|---|---|---|---|---|---|
r-devel-linux-x86_64-debian-clang | 2.0.1.0 | 4.66 | 34.15 | 38.81 | OK | |
r-devel-linux-x86_64-debian-gcc | 2.0.1.0 | 3.27 | 26.89 | 30.16 | OK | |
r-devel-linux-x86_64-fedora-clang | 2.0.1.0 | 49.61 | NOTE | |||
r-devel-linux-x86_64-fedora-gcc | 2.0.1.0 | 47.44 | NOTE | |||
r-devel-windows-x86_64 | 2.0.1.0 | 5.00 | 54.00 | 59.00 | OK | |
r-patched-linux-x86_64 | 2.0.1.0 | 3.55 | 33.09 | 36.64 | OK | |
r-release-linux-x86_64 | 2.0.1.0 | 3.03 | 32.86 | 35.89 | OK | |
r-release-macos-arm64 | 2.0.1.0 | 19.00 | OK | |||
r-release-macos-x86_64 | 2.0.1.0 | 28.00 | OK | |||
r-release-windows-x86_64 | 2.0.1.0 | 8.00 | 54.00 | 62.00 | OK | |
r-oldrel-macos-arm64 | 2.0.1.0 | 17.00 | NOTE | |||
r-oldrel-macos-x86_64 | 2.0.1.0 | 29.00 | NOTE | |||
r-oldrel-windows-x86_64 | 2.0.1.0 | 10.00 | 55.00 | 65.00 | OK |
Version: 2.0.1.0
Check: dependencies in R code
Result: NOTE
Namespaces in Imports field not imported from:
‘crayon’ ‘testthat’
All declared Imports should be used.
Flavors: r-devel-linux-x86_64-fedora-clang, r-devel-linux-x86_64-fedora-gcc, r-oldrel-macos-arm64, r-oldrel-macos-x86_64