CRAN Package Check Results for Package onc.api

Last updated on 2022-10-06 18:49:57 CEST.

Flavor Version Tinstall Tcheck Ttotal Status Flags
r-devel-linux-x86_64-debian-clang 2.0.1.0 5.17 36.40 41.57 OK
r-devel-linux-x86_64-debian-gcc 2.0.1.0 3.86 27.38 31.24 OK
r-devel-linux-x86_64-fedora-clang 2.0.1.0 63.14 NOTE
r-devel-linux-x86_64-fedora-gcc 2.0.1.0 59.61 NOTE
r-devel-windows-x86_64 2.0.1.0 28.00 68.00 96.00 OK
r-patched-linux-x86_64 2.0.1.0 3.67 32.35 36.02 OK
r-release-linux-x86_64 2.0.1.0 3.32 32.61 35.93 OK
r-release-macos-arm64 2.0.1.0 17.00 NOTE
r-release-macos-x86_64 2.0.1.0 29.00 NOTE
r-release-windows-x86_64 2.0.1.0 28.00 57.00 85.00 OK
r-oldrel-macos-arm64 2.0.1.0 25.00 NOTE
r-oldrel-macos-x86_64 2.0.1.0 31.00 NOTE
r-oldrel-windows-ix86+x86_64 2.0.1.0 14.00 66.00 80.00 WARN

Check Details

Version: 2.0.1.0
Check: dependencies in R code
Result: NOTE
    Namespaces in Imports field not imported from:
     ‘crayon’ ‘testthat’
     All declared Imports should be used.
Flavors: r-devel-linux-x86_64-fedora-clang, r-devel-linux-x86_64-fedora-gcc, r-release-macos-arm64, r-release-macos-x86_64, r-oldrel-macos-arm64, r-oldrel-macos-x86_64

Version: 2.0.1.0
Check: for unstated dependencies in ‘tests’
Result: WARN
    Warning: unable to access index for repository https://bioconductor.org/packages/3.14/bioc/src/contrib:
     cannot open URL 'https://bioconductor.org/packages/3.14/bioc/src/contrib/PACKAGES'
    Warning: unable to access index for repository https://bioconductor.org/packages/3.14/data/annotation/src/contrib:
     cannot open URL 'https://bioconductor.org/packages/3.14/data/annotation/src/contrib/PACKAGES'
    Warning: unable to access index for repository https://bioconductor.org/packages/3.14/data/experiment/src/contrib:
     cannot open URL 'https://bioconductor.org/packages/3.14/data/experiment/src/contrib/PACKAGES'
Flavor: r-oldrel-windows-ix86+x86_64