CRAN Package Check Results for Package ollggamma

Last updated on 2022-12-04 06:49:24 CET.

Flavor Version Tinstall Tcheck Ttotal Status Flags
r-devel-linux-x86_64-debian-clang 1.0.2 1.66 26.20 27.86 NOTE
r-devel-linux-x86_64-debian-gcc 1.0.2 1.21 20.40 21.61 NOTE
r-devel-linux-x86_64-fedora-clang 1.0.2 45.47 NOTE
r-devel-linux-x86_64-fedora-gcc 1.0.2 43.54 NOTE
r-devel-windows-x86_64 1.0.2 9.00 57.00 66.00 NOTE
r-patched-linux-x86_64 1.0.2 1.97 24.38 26.35 NOTE
r-release-linux-x86_64 1.0.2 1.96 24.62 26.58 NOTE
r-release-macos-arm64 1.0.2 16.00 NOTE
r-release-macos-x86_64 1.0.2 22.00 NOTE
r-release-windows-x86_64 1.0.2 8.00 58.00 66.00 NOTE
r-oldrel-macos-arm64 1.0.2 19.00 NOTE
r-oldrel-macos-x86_64 1.0.2 24.00 NOTE
r-oldrel-windows-ix86+x86_64 1.0.2 5.00 52.00 57.00 NOTE

Check Details

Version: 1.0.2
Check: LazyData
Result: NOTE
     'LazyData' is specified without a 'data' directory
Flavors: r-devel-linux-x86_64-debian-clang, r-devel-linux-x86_64-debian-gcc, r-devel-linux-x86_64-fedora-clang, r-devel-linux-x86_64-fedora-gcc, r-devel-windows-x86_64, r-patched-linux-x86_64, r-release-linux-x86_64, r-release-macos-arm64, r-release-macos-x86_64, r-release-windows-x86_64, r-oldrel-macos-arm64, r-oldrel-macos-x86_64, r-oldrel-windows-ix86+x86_64