CRAN Package Check Results for Package ollggamma

Last updated on 2023-10-03 19:05:59 CEST.

Flavor Version Tinstall Tcheck Ttotal Status Flags
r-devel-linux-x86_64-debian-clang 1.0.2 1.52 24.93 26.45 NOTE
r-devel-linux-x86_64-debian-gcc 1.0.2 1.58 19.80 21.38 NOTE
r-devel-linux-x86_64-fedora-clang 1.0.2 34.18 NOTE
r-devel-linux-x86_64-fedora-gcc 1.0.2 32.98 NOTE
r-devel-windows-x86_64 1.0.2 6.00 46.00 52.00 NOTE
r-patched-linux-x86_64 1.0.2 1.94 24.07 26.01 NOTE
r-release-linux-x86_64 1.0.2 1.81 24.79 26.60 NOTE
r-release-macos-arm64 1.0.2 16.00 NOTE
r-release-macos-x86_64 1.0.2 21.00 NOTE
r-release-windows-x86_64 1.0.2 3.00 45.00 48.00 NOTE
r-oldrel-macos-arm64 1.0.2 17.00 NOTE
r-oldrel-macos-x86_64 1.0.2 22.00 NOTE
r-oldrel-windows-x86_64 1.0.2 3.00 49.00 52.00 NOTE

Check Details

Version: 1.0.2
Check: LazyData
Result: NOTE
     'LazyData' is specified without a 'data' directory
Flavors: r-devel-linux-x86_64-debian-clang, r-devel-linux-x86_64-debian-gcc, r-devel-linux-x86_64-fedora-clang, r-devel-linux-x86_64-fedora-gcc, r-devel-windows-x86_64, r-patched-linux-x86_64, r-release-linux-x86_64, r-release-macos-arm64, r-release-macos-x86_64, r-release-windows-x86_64, r-oldrel-macos-arm64, r-oldrel-macos-x86_64, r-oldrel-windows-x86_64