Last updated on 2022-08-13 18:51:06 CEST.
Flavor | Version | Tinstall | Tcheck | Ttotal | Status | Flags |
---|---|---|---|---|---|---|
r-devel-linux-x86_64-debian-clang | 0.1.2 | 3.77 | 83.15 | 86.92 | NOTE | |
r-devel-linux-x86_64-debian-gcc | 0.1.2 | 2.64 | 59.49 | 62.13 | NOTE | |
r-devel-linux-x86_64-fedora-clang | 0.1.2 | 87.38 | NOTE | |||
r-devel-linux-x86_64-fedora-gcc | 0.1.2 | 82.95 | NOTE | |||
r-devel-windows-x86_64 | 0.1.2 | 12.00 | 934.00 | 946.00 | NOTE | |
r-patched-linux-x86_64 | 0.1.2 | 3.69 | 78.93 | 82.62 | NOTE | |
r-release-linux-x86_64 | 0.1.2 | 3.73 | 79.99 | 83.72 | NOTE | |
r-release-macos-arm64 | 0.1.2 | 1051.00 | NOTE | |||
r-release-macos-x86_64 | 0.1.2 | 1110.00 | NOTE | |||
r-release-windows-x86_64 | 0.1.2 | 13.00 | 971.00 | 984.00 | NOTE | |
r-oldrel-macos-arm64 | 0.1.2 | 947.00 | NOTE | |||
r-oldrel-macos-x86_64 | 0.1.2 | 973.00 | NOTE | |||
r-oldrel-windows-ix86+x86_64 | 0.1.2 | 10.00 | 874.00 | 884.00 | NOTE |
Version: 0.1.2
Check: LazyData
Result: NOTE
'LazyData' is specified without a 'data' directory
Flavors: r-devel-linux-x86_64-debian-clang, r-devel-linux-x86_64-debian-gcc, r-devel-linux-x86_64-fedora-clang, r-devel-linux-x86_64-fedora-gcc, r-devel-windows-x86_64, r-patched-linux-x86_64, r-release-linux-x86_64, r-release-macos-arm64, r-release-macos-x86_64, r-release-windows-x86_64, r-oldrel-macos-arm64, r-oldrel-macos-x86_64, r-oldrel-windows-ix86+x86_64