Last updated on 2023-01-31 19:07:31 CET.
Flavor | Version | Tinstall | Tcheck | Ttotal | Status | Flags |
---|---|---|---|---|---|---|
r-devel-linux-x86_64-debian-clang | 1.7.1 | 31.34 | 29.56 | 60.90 | NOTE | |
r-devel-linux-x86_64-debian-gcc | 1.7.1 | 27.76 | 23.49 | 51.25 | NOTE | |
r-devel-linux-x86_64-fedora-clang | 1.7.1 | 90.20 | NOTE | |||
r-devel-linux-x86_64-fedora-gcc | 1.7.1 | 86.81 | NOTE | |||
r-devel-windows-x86_64 | 1.7.1 | 205.00 | 78.00 | 283.00 | NOTE | |
r-patched-linux-x86_64 | 1.7.1 | 29.00 | 29.83 | 58.83 | OK | |
r-release-linux-x86_64 | 1.7.1 | 26.62 | 29.16 | 55.78 | OK | |
r-release-macos-arm64 | 1.7.1 | 27.00 | OK | |||
r-release-macos-x86_64 | 1.7.1 | 38.00 | OK | |||
r-release-windows-x86_64 | 1.7.1 | 177.00 | 80.00 | 257.00 | OK | |
r-oldrel-macos-arm64 | 1.7.1 | 34.00 | OK | |||
r-oldrel-macos-x86_64 | 1.7.1 | 43.00 | OK | |||
r-oldrel-windows-ix86+x86_64 | 1.7.1 | 86.00 | 83.00 | 169.00 | OK |
Version: 1.7.1
Check: C++ specification
Result: NOTE
Specified C++11: please update to current default of C++17
Flavors: r-devel-linux-x86_64-debian-clang, r-devel-linux-x86_64-debian-gcc, r-devel-linux-x86_64-fedora-clang, r-devel-linux-x86_64-fedora-gcc, r-devel-windows-x86_64