CRAN Package Check Results for Package oRus

Last updated on 2020-10-24 07:49:51 CEST.

Flavor Version Tinstall Tcheck Ttotal Status Flags
r-devel-linux-x86_64-debian-clang 1.0.0 16.25 136.36 152.61 OK
r-devel-linux-x86_64-debian-gcc 1.0.0 13.34 102.60 115.94 OK
r-devel-linux-x86_64-fedora-clang 1.0.0 189.18 NOTE
r-devel-linux-x86_64-fedora-gcc 1.0.0 175.82 NOTE
r-devel-windows-ix86+x86_64 1.0.0 32.00 144.00 176.00 OK
r-patched-linux-x86_64 1.0.0 15.02 124.30 139.32 OK
r-patched-solaris-x86 1.0.0 219.30 NOTE
r-release-linux-x86_64 1.0.0 14.61 123.71 138.32 OK
r-release-macos-x86_64 1.0.0 NOTE
r-release-windows-ix86+x86_64 1.0.0 25.00 108.00 133.00 OK
r-oldrel-macos-x86_64 1.0.0 NOTE
r-oldrel-windows-ix86+x86_64 1.0.0 16.00 6.00 22.00 ERROR

Check Details

Version: 1.0.0
Check: dependencies in R code
Result: NOTE
    Namespaces in Imports field not imported from:
     ‘knitr’ ‘tibble’
     All declared Imports should be used.
Flavors: r-devel-linux-x86_64-fedora-clang, r-devel-linux-x86_64-fedora-gcc, r-patched-solaris-x86, r-release-macos-x86_64, r-oldrel-macos-x86_64

Version: 1.0.0
Check: whether package can be installed
Result: ERROR
    Installation failed.
Flavor: r-oldrel-windows-ix86+x86_64