Last updated on 2023-02-08 12:57:16 CET.
Flavor | Version | Tinstall | Tcheck | Ttotal | Status | Flags |
---|---|---|---|---|---|---|
r-devel-linux-x86_64-debian-clang | 1.0.0 | 19.38 | 152.61 | 171.99 | NOTE | |
r-devel-linux-x86_64-debian-gcc | 1.0.0 | 13.50 | 112.34 | 125.84 | NOTE | |
r-devel-linux-x86_64-fedora-clang | 1.0.0 | 226.08 | NOTE | |||
r-devel-linux-x86_64-fedora-gcc | 1.0.0 | 241.33 | NOTE | |||
r-devel-windows-x86_64 | 1.0.0 | 37.00 | 170.00 | 207.00 | NOTE | |
r-patched-linux-x86_64 | 1.0.0 | 17.10 | 144.67 | 161.77 | NOTE | |
r-release-linux-x86_64 | 1.0.0 | 18.68 | 144.32 | 163.00 | NOTE | |
r-release-macos-arm64 | 1.0.0 | 58.00 | NOTE | |||
r-release-macos-x86_64 | 1.0.0 | 115.00 | NOTE | |||
r-release-windows-x86_64 | 1.0.0 | 29.00 | 159.00 | 188.00 | NOTE | |
r-oldrel-macos-arm64 | 1.0.0 | 81.00 | NOTE | |||
r-oldrel-macos-x86_64 | 1.0.0 | 106.00 | NOTE | |||
r-oldrel-windows-ix86+x86_64 | 1.0.0 | 36.00 | 155.00 | 191.00 | NOTE |
Version: 1.0.0
Check: LazyData
Result: NOTE
'LazyData' is specified without a 'data' directory
Flavors: r-devel-linux-x86_64-debian-clang, r-devel-linux-x86_64-debian-gcc, r-devel-linux-x86_64-fedora-clang, r-devel-linux-x86_64-fedora-gcc, r-devel-windows-x86_64, r-patched-linux-x86_64, r-release-linux-x86_64, r-release-macos-arm64, r-release-macos-x86_64, r-release-windows-x86_64, r-oldrel-macos-arm64, r-oldrel-macos-x86_64, r-oldrel-windows-ix86+x86_64
Version: 1.0.0
Check: dependencies in R code
Result: NOTE
Namespaces in Imports field not imported from:
‘knitr’ ‘tibble’
All declared Imports should be used.
Flavors: r-devel-linux-x86_64-fedora-clang, r-devel-linux-x86_64-fedora-gcc, r-release-macos-arm64, r-release-macos-x86_64, r-oldrel-macos-arm64, r-oldrel-macos-x86_64