Last updated on 2022-08-13 12:55:20 CEST.
Flavor | Version | Tinstall | Tcheck | Ttotal | Status | Flags |
---|---|---|---|---|---|---|
r-devel-linux-x86_64-debian-clang | 0.4.0 | 13.29 | 70.80 | 84.09 | OK | |
r-devel-linux-x86_64-debian-gcc | 0.4.0 | 11.46 | 52.73 | 64.19 | OK | |
r-devel-linux-x86_64-fedora-clang | 0.4.0 | 109.97 | NOTE | |||
r-devel-linux-x86_64-fedora-gcc | 0.4.0 | 109.76 | NOTE | |||
r-devel-windows-x86_64 | 0.4.0 | 22.00 | 104.00 | 126.00 | OK | |
r-patched-linux-x86_64 | 0.4.0 | 12.32 | 65.39 | 77.71 | OK | |
r-release-linux-x86_64 | 0.4.0 | 10.23 | 68.01 | 78.24 | OK | |
r-release-macos-arm64 | 0.4.0 | 35.00 | NOTE | |||
r-release-macos-x86_64 | 0.4.0 | 56.00 | NOTE | |||
r-release-windows-x86_64 | 0.4.0 | 27.00 | 129.00 | 156.00 | OK | |
r-oldrel-macos-arm64 | 0.4.0 | 50.00 | NOTE | |||
r-oldrel-macos-x86_64 | 0.4.0 | 62.00 | NOTE | |||
r-oldrel-windows-ix86+x86_64 | 0.4.0 | 20.00 | 91.00 | 111.00 | OK |
Version: 0.4.0
Check: data for non-ASCII characters
Result: NOTE
Note: found 6409 marked UTF-8 strings
Flavors: r-devel-linux-x86_64-fedora-clang, r-devel-linux-x86_64-fedora-gcc, r-release-macos-arm64, r-release-macos-x86_64, r-oldrel-macos-arm64, r-oldrel-macos-x86_64
Version: 0.4.0
Check: installed package size
Result: NOTE
installed size is 5.3Mb
sub-directories of 1Mb or more:
data 5.0Mb
Flavors: r-release-macos-arm64, r-oldrel-macos-arm64