Last updated on 2023-02-03 00:51:08 CET.
Flavor | Version | Tinstall | Tcheck | Ttotal | Status | Flags |
---|---|---|---|---|---|---|
r-devel-linux-x86_64-debian-clang | 1.0.1 | 56.23 | 44.72 | 100.95 | OK | |
r-devel-linux-x86_64-debian-gcc | 1.0.1 | 36.02 | 35.37 | 71.39 | OK | |
r-devel-linux-x86_64-fedora-clang | 1.0.1 | 141.18 | NOTE | |||
r-devel-linux-x86_64-fedora-gcc | 1.0.1 | 136.93 | NOTE | |||
r-devel-windows-x86_64 | 1.0.1 | 55.00 | 99.00 | 154.00 | OK | |
r-patched-linux-x86_64 | 1.0.1 | 37.06 | 44.32 | 81.38 | OK | |
r-release-linux-x86_64 | 1.0.1 | 31.28 | 43.21 | 74.49 | OK | |
r-release-macos-arm64 | 1.0.1 | 34.00 | NOTE | |||
r-release-macos-x86_64 | 1.0.1 | 48.00 | NOTE | |||
r-release-windows-x86_64 | 1.0.1 | 66.00 | 107.00 | 173.00 | OK | |
r-oldrel-macos-arm64 | 1.0.1 | 34.00 | NOTE | |||
r-oldrel-macos-x86_64 | 1.0.1 | 45.00 | NOTE | |||
r-oldrel-windows-ix86+x86_64 | 1.0.1 | 103.00 | 104.00 | 207.00 | OK |
Version: 1.0.1
Check: dependencies in R code
Result: NOTE
Namespace in Imports field not imported from: ‘pedtools’
All declared Imports should be used.
Flavors: r-devel-linux-x86_64-fedora-clang, r-devel-linux-x86_64-fedora-gcc, r-release-macos-arm64, r-release-macos-x86_64, r-oldrel-macos-arm64, r-oldrel-macos-x86_64