Last updated on 2025-01-23 12:55:07 CET.
Flavor | Version | Tinstall | Tcheck | Ttotal | Status | Flags |
---|---|---|---|---|---|---|
r-devel-linux-x86_64-debian-clang | 1.4.2 | 36.42 | 150.14 | 186.56 | OK | |
r-devel-linux-x86_64-debian-gcc | 1.4.2 | 26.38 | 100.04 | 126.42 | OK | |
r-devel-linux-x86_64-fedora-clang | 1.4.2 | 304.57 | NOTE | |||
r-devel-linux-x86_64-fedora-gcc | 1.4.2 | 285.92 | NOTE | |||
r-devel-windows-x86_64 | 1.4.2 | 46.00 | 174.00 | 220.00 | OK | |
r-patched-linux-x86_64 | 1.4.2 | 38.87 | 134.86 | 173.73 | NOTE | |
r-release-linux-x86_64 | 1.4.2 | 37.64 | 134.99 | 172.63 | NOTE | |
r-release-macos-arm64 | 1.4.2 | 73.00 | NOTE | |||
r-release-macos-x86_64 | 1.4.2 | 247.00 | NOTE | |||
r-release-windows-x86_64 | 1.4.2 | 43.00 | 174.00 | 217.00 | NOTE | |
r-oldrel-macos-arm64 | 1.4.2 | 86.00 | NOTE | |||
r-oldrel-macos-x86_64 | 1.4.2 | 204.00 | NOTE | |||
r-oldrel-windows-x86_64 | 1.4.2 | 56.00 | 217.00 | 273.00 | NOTE |
Version: 1.4.2
Check: dependencies in R code
Result: NOTE
Namespaces in Imports field not imported from:
‘R.utils’ ‘optparse’ ‘vcfR’
All declared Imports should be used.
Flavors: r-devel-linux-x86_64-fedora-clang, r-devel-linux-x86_64-fedora-gcc
Version: 1.4.2
Check: for GNU extensions in Makefiles
Result: NOTE
GNU make is a SystemRequirements.
Flavors: r-patched-linux-x86_64, r-release-linux-x86_64, r-release-macos-arm64, r-release-macos-x86_64, r-release-windows-x86_64, r-oldrel-macos-arm64, r-oldrel-macos-x86_64, r-oldrel-windows-x86_64
Version: 1.4.2
Check: installed package size
Result: NOTE
installed size is 5.5Mb
sub-directories of 1Mb or more:
data 4.2Mb
Flavors: r-release-macos-arm64, r-release-macos-x86_64, r-release-windows-x86_64, r-oldrel-macos-arm64, r-oldrel-macos-x86_64, r-oldrel-windows-x86_64