CRAN Package Check Results for Package nsyllable

Last updated on 2022-10-06 21:49:59 CEST.

Flavor Version Tinstall Tcheck Ttotal Status Flags
r-devel-linux-x86_64-debian-clang 1.0.1 2.04 25.30 27.34 OK
r-devel-linux-x86_64-debian-gcc 1.0.1 1.73 19.79 21.52 OK
r-devel-linux-x86_64-fedora-clang 1.0.1 47.54 NOTE
r-devel-linux-x86_64-fedora-gcc 1.0.1 43.55 NOTE
r-devel-windows-x86_64 1.0.1 10.00 55.00 65.00 OK
r-patched-linux-x86_64 1.0.1 2.16 24.65 26.81 OK
r-release-linux-x86_64 1.0.1 2.14 24.07 26.21 OK
r-release-macos-arm64 1.0.1 18.00 NOTE
r-release-macos-x86_64 1.0.1 22.00 NOTE
r-release-windows-x86_64 1.0.1 15.00 51.00 66.00 OK
r-oldrel-macos-arm64 1.0.1 17.00 NOTE
r-oldrel-macos-x86_64 1.0.1 22.00 NOTE
r-oldrel-windows-ix86+x86_64 1.0.1 6.00 49.00 55.00 OK

Check Details

Version: 1.0.1
Check: data for non-ASCII characters
Result: NOTE
     Note: found 1 marked UTF-8 string
Flavors: r-devel-linux-x86_64-fedora-clang, r-devel-linux-x86_64-fedora-gcc, r-release-macos-arm64, r-release-macos-x86_64, r-oldrel-macos-arm64, r-oldrel-macos-x86_64