CRAN Package Check Results for Package nsga3

Last updated on 2022-10-01 01:49:11 CEST.

Flavor Version Tinstall Tcheck Ttotal Status Flags
r-devel-linux-x86_64-debian-clang 0.0.3 14.27 111.87 126.14 OK
r-devel-linux-x86_64-debian-gcc 0.0.3 11.05 83.48 94.53 OK
r-devel-linux-x86_64-fedora-clang 0.0.3 175.13 NOTE
r-devel-linux-x86_64-fedora-gcc 0.0.3 162.03 NOTE
r-devel-windows-x86_64 0.0.3 19.00 150.00 169.00 OK
r-patched-linux-x86_64 0.0.3 13.87 105.60 119.47 OK
r-release-linux-x86_64 0.0.3 13.81 105.68 119.49 OK
r-release-macos-arm64 0.0.3 44.00 NOTE
r-release-macos-x86_64 0.0.3 80.00 NOTE
r-release-windows-x86_64 0.0.3 17.00 127.00 144.00 OK
r-oldrel-macos-arm64 0.0.3 46.00 NOTE
r-oldrel-macos-x86_64 0.0.3 68.00 NOTE
r-oldrel-windows-ix86+x86_64 0.0.3 29.00 129.00 158.00 OK

Check Details

Version: 0.0.3
Check: dependencies in R code
Result: NOTE
    Namespace in Imports field not imported from: ‘xgboost’
     All declared Imports should be used.
Flavors: r-devel-linux-x86_64-fedora-clang, r-devel-linux-x86_64-fedora-gcc, r-release-macos-arm64, r-release-macos-x86_64, r-oldrel-macos-arm64, r-oldrel-macos-x86_64