CRAN Package Check Results for Package nosoi

Last updated on 2022-10-05 06:51:28 CEST.

Flavor Version Tinstall Tcheck Ttotal Status Flags
r-devel-linux-x86_64-debian-clang 1.1.0 6.49 241.38 247.87 OK
r-devel-linux-x86_64-debian-gcc 1.1.0 3.58 166.62 170.20 OK
r-devel-linux-x86_64-fedora-clang 1.1.0 316.74 OK
r-devel-linux-x86_64-fedora-gcc 1.1.0 278.70 OK
r-devel-windows-x86_64 1.1.0 32.00 303.00 335.00 OK
r-patched-linux-x86_64 1.1.0 4.83 215.33 220.16 OK
r-release-linux-x86_64 1.1.0 6.01 214.91 220.92 OK
r-release-macos-arm64 1.1.0 61.00 NOTE
r-release-macos-x86_64 1.1.0 100.00 OK
r-release-windows-x86_64 1.1.0 40.00 289.00 329.00 OK
r-oldrel-macos-arm64 1.1.0 77.00 NOTE
r-oldrel-macos-x86_64 1.1.0 83.00 NOTE
r-oldrel-windows-ix86+x86_64 1.1.0 10.00 268.00 278.00 OK

Check Details

Version: 1.1.0
Check: package dependencies
Result: NOTE
    Packages suggested but not available for checking: 'treeio', 'ggtree'
Flavors: r-release-macos-arm64, r-oldrel-macos-arm64, r-oldrel-macos-x86_64

Version: 1.1.0
Check: Rd cross-references
Result: NOTE
    Package unavailable to check Rd xrefs: ‘treeio’
Flavors: r-release-macos-arm64, r-oldrel-macos-arm64, r-oldrel-macos-x86_64