Last updated on 2023-12-05 00:52:11 CET.
Flavor | Version | Tinstall | Tcheck | Ttotal | Status | Flags |
---|---|---|---|---|---|---|
r-devel-linux-x86_64-debian-clang | 0.1.4 | 7.98 | 65.89 | 73.87 | NOTE | |
r-devel-linux-x86_64-debian-gcc | 0.1.4 | 5.19 | 51.47 | 56.66 | NOTE | |
r-devel-linux-x86_64-fedora-clang | 0.1.4 | 91.72 | NOTE | |||
r-devel-linux-x86_64-fedora-gcc | 0.1.4 | 88.67 | NOTE | |||
r-devel-windows-x86_64 | 0.1.4 | 7.00 | 67.00 | 74.00 | NOTE | |
r-patched-linux-x86_64 | 0.1.4 | 5.35 | 66.05 | 71.40 | NOTE | |
r-release-linux-x86_64 | 0.1.4 | 7.74 | 66.38 | 74.12 | NOTE | |
r-release-macos-arm64 | 0.1.4 | 33.00 | NOTE | |||
r-release-macos-x86_64 | 0.1.4 | 51.00 | NOTE | |||
r-release-windows-x86_64 | 0.1.4 | 9.00 | 75.00 | 84.00 | NOTE | |
r-oldrel-macos-arm64 | 0.1.4 | 31.00 | NOTE | |||
r-oldrel-macos-x86_64 | 0.1.4 | 43.00 | NOTE | |||
r-oldrel-windows-x86_64 | 0.1.4 | 9.00 | 80.00 | 89.00 | NOTE |
Version: 0.1.4
Check: LazyData
Result: NOTE
'LazyData' is specified without a 'data' directory
Flavors: r-devel-linux-x86_64-debian-clang, r-devel-linux-x86_64-debian-gcc, r-devel-linux-x86_64-fedora-clang, r-devel-linux-x86_64-fedora-gcc, r-devel-windows-x86_64, r-patched-linux-x86_64, r-release-linux-x86_64, r-release-macos-arm64, r-release-macos-x86_64, r-release-windows-x86_64, r-oldrel-macos-arm64, r-oldrel-macos-x86_64, r-oldrel-windows-x86_64